Last updated on 2024-04-19 01:59:05 CEST.
Flavor | Version | Tinstall | Tcheck | Ttotal | Status | Flags |
---|---|---|---|---|---|---|
r-devel-linux-x86_64-debian-clang | 3.2.1 | 22.73 | 139.54 | 162.27 | NOTE | |
r-devel-linux-x86_64-debian-gcc | 3.2.1 | 15.39 | 101.61 | 117.00 | NOTE | |
r-devel-linux-x86_64-fedora-clang | 3.2.1 | 205.02 | NOTE | |||
r-devel-linux-x86_64-fedora-gcc | 3.2.1 | 193.76 | NOTE | |||
r-prerel-macos-arm64 | 3.2.1 | 84.00 | NOTE | |||
r-prerel-windows-x86_64 | 3.2.1 | 15.00 | 94.00 | 109.00 | NOTE | |
r-patched-linux-x86_64 | 3.2.1 | 20.32 | 133.70 | 154.02 | NOTE | |
r-release-linux-x86_64 | 3.2.1 | 17.28 | 124.65 | 141.93 | NOTE | |
r-release-macos-arm64 | 3.2.1 | 54.00 | NOTE | |||
r-release-macos-x86_64 | 3.2.1 | 94.00 | NOTE | |||
r-release-windows-x86_64 | 3.2.1 | 18.00 | 271.00 | 289.00 | NOTE | |
r-oldrel-macos-arm64 | 3.2.1 | 93.00 | NOTE | |||
r-oldrel-windows-x86_64 | 3.2.1 | 16.00 | 120.00 | 136.00 | NOTE |
Version: 3.2.1
Check: LazyData
Result: NOTE
'LazyData' is specified without a 'data' directory
Flavors: r-devel-linux-x86_64-debian-clang, r-devel-linux-x86_64-debian-gcc, r-devel-linux-x86_64-fedora-clang, r-devel-linux-x86_64-fedora-gcc, r-prerel-macos-arm64, r-prerel-windows-x86_64, r-patched-linux-x86_64, r-release-linux-x86_64, r-release-macos-arm64, r-release-macos-x86_64, r-release-windows-x86_64, r-oldrel-macos-arm64, r-oldrel-windows-x86_64