CRAN Package Check Results for Package TapeR

Last updated on 2024-05-25 02:51:58 CEST.

Flavor Version Tinstall Tcheck Ttotal Status Flags
r-devel-linux-x86_64-debian-clang 0.5.3 4.19 147.24 151.43 NOTE
r-devel-linux-x86_64-debian-gcc 0.5.3 3.25 109.23 112.48 NOTE
r-devel-linux-x86_64-fedora-clang 0.5.3 179.41 NOTE
r-devel-linux-x86_64-fedora-gcc 0.5.3 183.46 NOTE
r-devel-windows-x86_64 0.5.3 4.00 125.00 129.00 NOTE
r-patched-linux-x86_64 0.5.3 5.44 143.74 149.18 NOTE
r-release-linux-x86_64 0.5.3 4.03 140.95 144.98 NOTE
r-release-macos-arm64 0.5.3 52.00 NOTE
r-release-windows-x86_64 0.5.3 4.00 123.00 127.00 NOTE
r-oldrel-macos-arm64 0.5.3 73.00 OK
r-oldrel-macos-x86_64 0.5.3 140.00 OK
r-oldrel-windows-x86_64 0.5.3 5.00 149.00 154.00 OK

Check Details

Version: 0.5.3
Check: Rd files
Result: NOTE checkRd: (-1) E_DHx_HmDm_HT.f.Rd:45-46: Lost braces in \itemize; \value handles \item{}{} directly checkRd: (-1) E_DHx_HmDm_HT.f.Rd:47-48: Lost braces in \itemize; \value handles \item{}{} directly checkRd: (-1) E_DHx_HmDm_HT.f.Rd:49: Lost braces in \itemize; \value handles \item{}{} directly checkRd: (-1) E_DHx_HmDm_HT.f.Rd:50-52: Lost braces in \itemize; \value handles \item{}{} directly checkRd: (-1) E_DHx_HmDm_HT.f.Rd:53-54: Lost braces in \itemize; \value handles \item{}{} directly checkRd: (-1) E_DHx_HmDm_HT.f.Rd:55: Lost braces in \itemize; \value handles \item{}{} directly checkRd: (-1) E_DHx_HmDm_HT.f.Rd:56-58: Lost braces in \itemize; \value handles \item{}{} directly checkRd: (-1) E_DHx_HmDm_HT.f.Rd:59-60: Lost braces in \itemize; \value handles \item{}{} directly checkRd: (-1) E_DHx_HmDm_HT.f.Rd:61: Lost braces in \itemize; \value handles \item{}{} directly checkRd: (-1) E_DHx_HmDm_HT_CIdHt.f.Rd:45-46: Lost braces in \itemize; \value handles \item{}{} directly checkRd: (-1) E_DHx_HmDm_HT_CIdHt.f.Rd:47-48: Lost braces in \itemize; \value handles \item{}{} directly checkRd: (-1) E_DHx_HmDm_HT_CIdHt.f.Rd:49: Lost braces in \itemize; \value handles \item{}{} directly checkRd: (-1) E_DHx_HmDm_HT_CIdHt.f.Rd:50: Lost braces in \itemize; \value handles \item{}{} directly checkRd: (-1) E_DHx_HmDm_HT_CIdHt.f.Rd:51: Lost braces in \itemize; \value handles \item{}{} directly checkRd: (-1) E_DHx_HmDm_HT_CIdHt.f.Rd:52: Lost braces in \itemize; \value handles \item{}{} directly checkRd: (-1) E_VOL_AB_HmDm_HT.f.Rd:65: Lost braces in \itemize; \value handles \item{}{} directly checkRd: (-1) E_VOL_AB_HmDm_HT.f.Rd:66: Lost braces in \itemize; \value handles \item{}{} directly checkRd: (-1) E_VOL_AB_HmDm_HT.f.Rd:67: Lost braces in \itemize; \value handles \item{}{} directly checkRd: (-1) E_VOL_AB_HmDm_HT.f.Rd:68: Lost braces in \itemize; \value handles \item{}{} directly checkRd: (-1) E_VOL_AB_HmDm_HT.f.Rd:69: Lost braces in \itemize; \value handles \item{}{} directly checkRd: (-1) E_VOL_AB_HmDm_HT.f.Rd:70: Lost braces in \itemize; \value handles \item{}{} directly checkRd: (-1) E_VOL_AB_HmDm_HT.f.Rd:71: Lost braces in \itemize; \value handles \item{}{} directly checkRd: (-1) E_VOL_AB_HmDm_HT.f.Rd:72: Lost braces in \itemize; \value handles \item{}{} directly checkRd: (-1) E_VOL_AB_HmDm_HT.f.Rd:73: Lost braces in \itemize; \value handles \item{}{} directly checkRd: (-1) E_VOL_AB_HmDm_HT.f.Rd:74: Lost braces in \itemize; \value handles \item{}{} directly checkRd: (-1) TapeR_FIT_LME.f.Rd:51: Lost braces in \itemize; \value handles \item{}{} directly checkRd: (-1) TapeR_FIT_LME.f.Rd:52-54: Lost braces in \itemize; \value handles \item{}{} directly checkRd: (-1) TapeR_FIT_LME.f.Rd:57: Lost braces in \itemize; \value handles \item{}{} directly checkRd: (-1) TapeR_FIT_LME.f.Rd:58: Lost braces in \itemize; \value handles \item{}{} directly checkRd: (-1) TapeR_FIT_LME.f.Rd:59: Lost braces in \itemize; \value handles \item{}{} directly checkRd: (-1) TapeR_FIT_LME.f.Rd:60-61: Lost braces in \itemize; \value handles \item{}{} directly checkRd: (-1) TapeR_FIT_LME.f.Rd:62: Lost braces in \itemize; \value handles \item{}{} directly checkRd: (-1) TapeR_FIT_LME.f.Rd:63: Lost braces in \itemize; \value handles \item{}{} directly checkRd: (-1) TapeR_FIT_LME.f.Rd:64: Lost braces in \itemize; \value handles \item{}{} directly checkRd: (-1) TapeR_FIT_LME.f.Rd:65: Lost braces in \itemize; \value handles \item{}{} directly checkRd: (-1) TapeR_FIT_LME.f.Rd:66: Lost braces in \itemize; \value handles \item{}{} directly checkRd: (-1) TapeR_FIT_LME.f.Rd:67: Lost braces in \itemize; \value handles \item{}{} directly checkRd: (-1) TapeR_FIT_LME.f.Rd:68: Lost braces in \itemize; \value handles \item{}{} directly checkRd: (-1) TapeR_FIT_LME.f.Rd:69: Lost braces in \itemize; \value handles \item{}{} directly checkRd: (-1) TapeR_FIT_LME.f.Rd:70: Lost braces in \itemize; \value handles \item{}{} directly Flavors: r-devel-linux-x86_64-debian-clang, r-devel-linux-x86_64-debian-gcc, r-devel-linux-x86_64-fedora-clang, r-devel-linux-x86_64-fedora-gcc, r-devel-windows-x86_64, r-patched-linux-x86_64, r-release-linux-x86_64, r-release-macos-arm64, r-release-windows-x86_64