CRAN Package Check Results for Package TraMineR

Last updated on 2020-04-05 23:47:51 CEST.

Flavor Version Tinstall Tcheck Ttotal Status Flags
r-devel-linux-x86_64-debian-clang 2.0-15 43.30 241.69 284.99 OK
r-devel-linux-x86_64-debian-gcc 2.0-15 0.62 2.93 3.55 ERROR
r-devel-linux-x86_64-fedora-clang 2.0-15 343.41 OK
r-devel-linux-x86_64-fedora-gcc 2.0-15 328.03 OK
r-devel-windows-ix86+x86_64 2.0-15 133.00 440.00 573.00 OK
r-devel-windows-ix86+x86_64-gcc8 2.0-15 88.00 326.00 414.00 OK
r-patched-linux-x86_64 2.0-15 36.89 238.72 275.61 OK
r-patched-solaris-x86 2.0-15 467.70 OK
r-release-linux-x86_64 2.0-15 31.53 221.42 252.95 OK
r-release-windows-ix86+x86_64 2.0-15 118.00 475.00 593.00 OK
r-release-osx-x86_64 2.0-15 OK
r-oldrel-windows-ix86+x86_64 2.0-15 74.00 298.00 372.00 OK
r-oldrel-osx-x86_64 2.0-15 OK

Check Details

Version: 2.0-15
Check: whether package can be installed
Result: ERROR
    Installation failed.
Flavor: r-devel-linux-x86_64-debian-gcc