Last updated on 2022-07-01 01:49:45 CEST.
Flavor | Version | Tinstall | Tcheck | Ttotal | Status | Flags |
---|---|---|---|---|---|---|
r-devel-linux-x86_64-debian-clang | 1.7.2 | 77.27 | 139.22 | 216.49 | OK | |
r-devel-linux-x86_64-debian-gcc | 1.7.2 | 64.26 | 107.11 | 171.37 | OK | |
r-devel-linux-x86_64-fedora-clang | 1.7.2 | 285.93 | NOTE | |||
r-devel-linux-x86_64-fedora-gcc | 1.7.2 | 275.71 | OK | |||
r-devel-windows-x86_64 | 1.7.2 | 215.00 | 209.00 | 424.00 | OK | |
r-patched-linux-x86_64 | 1.7.2 | 74.30 | 135.25 | 209.55 | OK | |
r-release-linux-x86_64 | 1.7.2 | 72.60 | 131.21 | 203.81 | OK | |
r-release-macos-arm64 | 1.7.2 | 91.00 | NOTE | |||
r-release-macos-x86_64 | 1.7.2 | 100.00 | OK | |||
r-release-windows-x86_64 | 1.7.2 | 225.00 | 207.00 | 432.00 | OK | |
r-oldrel-macos-arm64 | 1.7.2 | 89.00 | NOTE | |||
r-oldrel-macos-x86_64 | 1.7.2 | 96.00 | OK | |||
r-oldrel-windows-ix86+x86_64 | 1.7.2 | 172.00 | 273.00 | 445.00 | OK |
Version: 1.7.2
Check: installed package size
Result: NOTE
installed size is 5.0Mb
sub-directories of 1Mb or more:
R 1.0Mb
libs 3.0Mb
Flavors: r-devel-linux-x86_64-fedora-clang, r-release-macos-arm64, r-oldrel-macos-arm64