Last updated on 2024-04-19 01:59:05 CEST.
Flavor | Version | Tinstall | Tcheck | Ttotal | Status | Flags |
---|---|---|---|---|---|---|
r-devel-linux-x86_64-debian-clang | 1.10.0 | 83.79 | 186.61 | 270.40 | NOTE | |
r-devel-linux-x86_64-debian-gcc | 1.10.0 | 72.08 | 135.04 | 207.12 | NOTE | |
r-devel-linux-x86_64-fedora-clang | 1.10.0 | 353.84 | NOTE | |||
r-devel-linux-x86_64-fedora-gcc | 1.10.0 | 368.47 | NOTE | |||
r-prerel-macos-arm64 | 1.10.0 | 92.00 | NOTE | |||
r-prerel-windows-x86_64 | 1.10.0 | 71.00 | 188.00 | 259.00 | NOTE | |
r-patched-linux-x86_64 | 1.10.0 | 95.03 | 179.10 | 274.13 | NOTE | |
r-release-linux-x86_64 | 1.10.0 | 86.73 | 176.97 | 263.70 | OK | |
r-release-macos-arm64 | 1.10.0 | 90.00 | NOTE | |||
r-release-macos-x86_64 | 1.10.0 | 213.00 | NOTE | |||
r-release-windows-x86_64 | 1.10.0 | 91.00 | 245.00 | 336.00 | OK | |
r-oldrel-macos-arm64 | 1.10.0 | 82.00 | NOTE | |||
r-oldrel-windows-x86_64 | 1.10.0 | 88.00 | 240.00 | 328.00 | OK |
Version: 1.10.0
Check: Rd files
Result: NOTE
checkRd: (-1) ReadTntTree.Rd:37: Lost braces
37 | \link{TNTOrder}{\code{tnt} order},
| ^
Flavors: r-devel-linux-x86_64-debian-clang, r-devel-linux-x86_64-debian-gcc, r-devel-linux-x86_64-fedora-clang, r-devel-linux-x86_64-fedora-gcc, r-prerel-macos-arm64, r-prerel-windows-x86_64, r-patched-linux-x86_64
Version: 1.10.0
Check: installed package size
Result: NOTE
installed size is 5.3Mb
sub-directories of 1Mb or more:
R 1.0Mb
libs 3.2Mb
Flavors: r-prerel-macos-arm64, r-release-macos-arm64, r-release-macos-x86_64, r-oldrel-macos-arm64