Last updated on 2025-04-30 01:50:40 CEST.
Flavor | Version | Tinstall | Tcheck | Ttotal | Status | Flags |
---|---|---|---|---|---|---|
r-devel-linux-x86_64-debian-clang | 1.0.2 | 3.76 | 43.46 | 47.22 | NOTE | |
r-devel-linux-x86_64-debian-gcc | 1.0.2 | 2.39 | 32.65 | 35.04 | NOTE | |
r-devel-linux-x86_64-fedora-clang | 1.0.2 | 71.13 | OK | |||
r-devel-linux-x86_64-fedora-gcc | 1.0.2 | 72.61 | OK | |||
r-devel-windows-x86_64 | 1.0.2 | 5.00 | 74.00 | 79.00 | OK | |
r-patched-linux-x86_64 | 1.0.2 | 3.81 | 40.17 | 43.98 | OK | |
r-release-linux-x86_64 | 1.0.2 | 3.61 | 40.72 | 44.33 | OK | |
r-release-macos-arm64 | 1.0.2 | 38.00 | OK | |||
r-release-macos-x86_64 | 1.0.2 | 60.00 | OK | |||
r-release-windows-x86_64 | 1.0.2 | 5.00 | 84.00 | 89.00 | OK | |
r-oldrel-macos-arm64 | 1.0.2 | 29.00 | OK | |||
r-oldrel-macos-x86_64 | 1.0.2 | 41.00 | OK | |||
r-oldrel-windows-x86_64 | 1.0.2 | 6.00 | 76.00 | 82.00 | OK |
Version: 1.0.2
Check: examples
Result: NOTE
Examples with CPU (user + system) or elapsed time > 5s
user system elapsed
TLSW 5.502 0.07 6.84
Flavor: r-devel-linux-x86_64-debian-clang
Version: 1.0.2
Check: examples
Result: NOTE
Examples with CPU (user + system) or elapsed time > 5s
user system elapsed
TLSW 5.018 0.065 5.433
Flavor: r-devel-linux-x86_64-debian-gcc