Last updated on 2024-04-25 01:55:32 CEST.
Flavor | Version | Tinstall | Tcheck | Ttotal | Status | Flags |
---|---|---|---|---|---|---|
r-devel-linux-x86_64-debian-clang | 1.4 | 8.47 | 42.27 | 50.74 | OK | |
r-devel-linux-x86_64-debian-gcc | 1.4 | 5.91 | 30.91 | 36.82 | OK | |
r-devel-linux-x86_64-fedora-clang | 1.4 | 61.67 | NOTE | |||
r-devel-linux-x86_64-fedora-gcc | 1.4 | 58.98 | NOTE | |||
r-devel-windows-x86_64 | 1.4 | 9.00 | 65.00 | 74.00 | OK | |
r-patched-linux-x86_64 | 1.4 | 9.47 | 41.15 | 50.62 | OK | |
r-release-linux-x86_64 | 1.4 | 8.08 | 40.66 | 48.74 | OK | |
r-release-macos-arm64 | 1.4 | 20.00 | OK | |||
r-release-windows-x86_64 | 1.4 | 9.00 | 66.00 | 75.00 | OK | |
r-oldrel-macos-arm64 | 1.4 | 21.00 | OK | |||
r-oldrel-macos-x86_64 | 1.4 | 33.00 | OK | |||
r-oldrel-windows-x86_64 | 1.4 | 9.00 | 72.00 | 81.00 | OK |
Version: 1.4
Check: compiled code
Result: NOTE
File ‘TrialSize/libs/TrialSize.so’:
Found no calls to: ‘R_registerRoutines’, ‘R_useDynamicSymbols’
It is good practice to register native routines and to disable symbol
search.
See ‘Writing portable packages’ in the ‘Writing R Extensions’ manual.
Flavors: r-devel-linux-x86_64-fedora-clang, r-devel-linux-x86_64-fedora-gcc