Last updated on 2024-04-19 01:59:05 CEST.
Flavor | Version | Tinstall | Tcheck | Ttotal | Status | Flags |
---|---|---|---|---|---|---|
r-devel-linux-x86_64-debian-clang | 1.6.4 | 20.92 | 156.93 | 177.85 | NOTE | --no-vignettes |
r-devel-linux-x86_64-debian-gcc | 1.6.4 | 14.91 | 110.11 | 125.02 | NOTE | --no-vignettes |
r-devel-linux-x86_64-fedora-clang | 1.6.4 | 992.58 | NOTE | |||
r-devel-linux-x86_64-fedora-gcc | 1.6.4 | 994.00 | NOTE | |||
r-prerel-macos-arm64 | 1.6.4 | 331.00 | OK | |||
r-prerel-macos-x86_64 | 1.6.4 | 784.00 | OK | |||
r-prerel-windows-x86_64 | 1.6.4 | 18.00 | 150.00 | 168.00 | NOTE | --no-vignettes |
r-patched-linux-x86_64 | 1.6.4 | 22.51 | 147.19 | 169.70 | NOTE | --no-vignettes |
r-release-linux-x86_64 | 1.6.4 | 16.95 | 148.13 | 165.08 | OK | --no-vignettes |
r-release-macos-arm64 | 1.6.4 | 323.00 | OK | |||
r-release-macos-x86_64 | 1.6.4 | 747.00 | OK | |||
r-release-windows-x86_64 | 1.6.4 | 25.00 | 160.00 | 185.00 | OK | --no-vignettes |
r-oldrel-macos-arm64 | 1.6.4 | 318.00 | OK | |||
r-oldrel-windows-x86_64 | 1.6.4 | 24.00 | 154.00 | 178.00 | OK | --no-vignettes |
Version: 1.6.4
Flags: --no-vignettes
Check: HTML version of manual
Result: NOTE
Found the following HTML validation problems:
ypr_sel.html:113:1 (ypr_sel.Rd:31): Warning: trimming empty <li>
ypr_sel.html:112:1 (ypr_sel.Rd:31): Warning: trimming empty <ul>
Flavors: r-devel-linux-x86_64-debian-clang, r-devel-linux-x86_64-debian-gcc, r-prerel-windows-x86_64, r-patched-linux-x86_64
Version: 1.6.4
Check: HTML version of manual
Result: NOTE
Found the following HTML validation problems:
ypr_sel.html:113:1 (ypr_sel.Rd:31): Warning: trimming empty <li>
ypr_sel.html:112:1 (ypr_sel.Rd:31): Warning: trimming empty <ul>
Flavors: r-devel-linux-x86_64-fedora-clang, r-devel-linux-x86_64-fedora-gcc