CRAN Package Check Results for Package TwoArmSurvSim

Last updated on 2022-06-30 01:49:22 CEST.

Flavor Version Tinstall Tcheck Ttotal Status Flags
r-devel-linux-x86_64-debian-clang 0.2 12.83 109.69 122.52 NOTE
r-devel-linux-x86_64-debian-gcc 0.2 9.57 81.51 91.08 NOTE
r-devel-linux-x86_64-fedora-clang 0.2 156.04 NOTE
r-devel-linux-x86_64-fedora-gcc 0.2 152.15 NOTE
r-devel-windows-x86_64 0.2 37.00 126.00 163.00 NOTE
r-patched-linux-x86_64 0.2 11.75 104.12 115.87 NOTE
r-release-linux-x86_64 0.2 10.91 104.16 115.07 NOTE
r-release-macos-arm64 0.2 39.00 NOTE
r-release-macos-x86_64 0.2 77.00 NOTE
r-release-windows-x86_64 0.2 46.00 229.00 275.00 NOTE
r-oldrel-macos-arm64 0.2 42.00 NOTE
r-oldrel-macos-x86_64 0.2 60.00 NOTE
r-oldrel-windows-ix86+x86_64 0.2 27.00 121.00 148.00 NOTE

Check Details

Version: 0.2
Check: LazyData
Result: NOTE
     'LazyData' is specified without a 'data' directory
Flavors: r-devel-linux-x86_64-debian-clang, r-devel-linux-x86_64-debian-gcc, r-devel-linux-x86_64-fedora-clang, r-devel-linux-x86_64-fedora-gcc, r-devel-windows-x86_64, r-patched-linux-x86_64, r-release-linux-x86_64, r-release-macos-arm64, r-release-macos-x86_64, r-release-windows-x86_64, r-oldrel-macos-arm64, r-oldrel-macos-x86_64, r-oldrel-windows-ix86+x86_64