CRAN Package Check Results for Package USAboundaries

Last updated on 2022-05-19 02:49:25 CEST.

Flavor Version Tinstall Tcheck Ttotal Status Flags
r-devel-linux-x86_64-debian-clang 0.4.0 2.24 11.97 14.21 FAIL
r-devel-linux-x86_64-debian-gcc 0.4.0 1.49 31.52 33.01 NOTE
r-devel-linux-x86_64-fedora-clang 0.4.0 52.45 NOTE
r-devel-linux-x86_64-fedora-gcc 0.4.0 51.52 NOTE
r-devel-windows-x86_64 0.4.0 40.00 66.00 106.00 NOTE
r-patched-linux-x86_64 0.4.0 2.10 39.28 41.38 NOTE
r-release-linux-x86_64 0.4.0 2.26 38.58 40.84 NOTE
r-release-macos-arm64 0.4.0 22.00 NOTE
r-release-macos-x86_64 0.4.0 26.00 NOTE
r-release-windows-x86_64 0.4.0 47.00 61.00 108.00 NOTE
r-oldrel-macos-arm64 0.4.0 25.00 NOTE
r-oldrel-macos-x86_64 0.4.0 25.00 NOTE
r-oldrel-windows-ix86+x86_64 0.4.0 7.00 51.00 58.00 NOTE

Check Details

Version: 0.4.0
Check: package dependencies
Result: FAIL
Flavor: r-devel-linux-x86_64-debian-clang

Version: 0.4.0
Check: package dependencies
Result: NOTE
    Package suggested but not available for checking: ‘USAboundariesData’
Flavors: r-devel-linux-x86_64-debian-gcc, r-devel-linux-x86_64-fedora-clang, r-devel-linux-x86_64-fedora-gcc, r-devel-windows-x86_64, r-patched-linux-x86_64, r-release-linux-x86_64, r-release-macos-arm64, r-release-macos-x86_64, r-release-windows-x86_64, r-oldrel-macos-arm64, r-oldrel-macos-x86_64, r-oldrel-windows-ix86+x86_64