Last updated on 2025-10-31 01:49:18 CET.
| Flavor | Version | Tinstall | Tcheck | Ttotal | Status | Flags | 
|---|---|---|---|---|---|---|
| r-devel-linux-x86_64-debian-clang | 1.1 | 2.11 | 27.36 | 29.47 | NOTE | |
| r-devel-linux-x86_64-debian-gcc | 1.1 | 1.59 | 22.18 | 23.77 | NOTE | |
| r-devel-linux-x86_64-fedora-clang | 1.1 | 44.10 | OK | |||
| r-devel-linux-x86_64-fedora-gcc | 1.1 | 44.68 | OK | |||
| r-devel-windows-x86_64 | 1.1 | 3.00 | 47.00 | 50.00 | OK | |
| r-patched-linux-x86_64 | 1.1 | 2.28 | 25.61 | 27.89 | OK | |
| r-release-linux-x86_64 | 1.1 | 2.04 | 26.25 | 28.29 | OK | |
| r-release-macos-arm64 | 1.1 | 1.00 | 16.00 | 17.00 | OK | |
| r-release-macos-x86_64 | 1.1 | 2.00 | 26.00 | 28.00 | OK | |
| r-release-windows-x86_64 | 1.1 | 3.00 | 50.00 | 53.00 | OK | |
| r-oldrel-macos-arm64 | 1.1 | 1.00 | 16.00 | 17.00 | OK | |
| r-oldrel-macos-x86_64 | 1.1 | 2.00 | 21.00 | 23.00 | OK | |
| r-oldrel-windows-x86_64 | 1.1 | 4.00 | 47.00 | 51.00 | OK | 
Version: 1.1
Check: CRAN incoming feasibility
Result: NOTE
  Maintainer: ‘Zhiqiang Tan <ztan@stat.rutgers.edu>’
  
  No Authors@R field in DESCRIPTION.
  Please add one, modifying
    Authors@R: c(person(given = "Zhiqiang",
                        family = "Tan",
                        role = c("aut", "cre"),
                        email = "ztan@stat.rutgers.edu"),
                 person(given = "Emilio",
                        family = "Gallicchio",
                        role = "aut"))
  as necessary.
  
  Package CITATION file contains call(s) to old-style personList() or
  as.personList().  Please use c() on person objects instead.
  Package CITATION file contains call(s) to old-style citEntry().  Please
  use bibentry() instead.
Flavors: r-devel-linux-x86_64-debian-clang, r-devel-linux-x86_64-debian-gcc