CRAN Package Check Results for Package Umatrix

Last updated on 2020-02-19 19:48:54 CET.

Flavor Version Tinstall Tcheck Ttotal Status Flags
r-devel-linux-x86_64-debian-clang 3.3 61.96 104.25 166.21 OK
r-devel-linux-x86_64-debian-gcc 3.3 36.32 74.50 110.82 OK
r-devel-linux-x86_64-fedora-clang 3.3 201.80 OK
r-devel-linux-x86_64-fedora-gcc 3.3 190.16 OK
r-devel-windows-ix86+x86_64 3.3 112.00 155.00 267.00 OK
r-devel-windows-ix86+x86_64-gcc8 3.1 170.00 233.00 403.00 OK
r-patched-linux-x86_64 3.3 42.27 86.11 128.38 OK
r-patched-solaris-x86 3.3 209.80 OK
r-release-linux-x86_64 3.3 43.15 86.19 129.34 OK
r-release-windows-ix86+x86_64 3.3 101.00 6.00 107.00 ERROR
r-release-osx-x86_64 3.3 NOTE
r-oldrel-windows-ix86+x86_64 3.3 130.00 197.00 327.00 OK
r-oldrel-osx-x86_64 3.3 NOTE

Check Details

Version: 3.3
Check: whether package can be installed
Result: ERROR
    Installation failed.
Flavor: r-release-windows-ix86+x86_64

Version: 3.3
Check: dependencies in R code
Result: NOTE
    No protocol specified
Flavors: r-release-osx-x86_64, r-oldrel-osx-x86_64