Last updated on 2024-05-06 02:52:42 CEST.
Flavor | Version | Tinstall | Tcheck | Ttotal | Status | Flags |
---|---|---|---|---|---|---|
r-devel-linux-x86_64-debian-clang | 0.1.1 | 16.89 | 61.74 | 78.63 | NOTE | |
r-devel-linux-x86_64-debian-gcc | 0.1.1 | 11.42 | 42.97 | 54.39 | NOTE | |
r-devel-linux-x86_64-fedora-clang | 0.1.1 | 94.80 | NOTE | |||
r-devel-linux-x86_64-fedora-gcc | 0.1.1 | 103.04 | NOTE | |||
r-devel-windows-x86_64 | 0.1.1 | 11.00 | 70.00 | 81.00 | NOTE | |
r-patched-linux-x86_64 | 0.1.1 | 16.42 | 57.35 | 73.77 | NOTE | |
r-release-linux-x86_64 | 0.1.1 | 10.96 | 57.90 | 68.86 | NOTE | |
r-release-macos-arm64 | 0.1.1 | 31.00 | NOTE | |||
r-release-windows-x86_64 | 0.1.1 | 11.00 | 73.00 | 84.00 | NOTE | |
r-oldrel-macos-arm64 | 0.1.1 | 32.00 | NOTE | |||
r-oldrel-macos-x86_64 | 0.1.1 | 54.00 | NOTE | |||
r-oldrel-windows-x86_64 | 0.1.1 | 10.00 | 73.00 | 83.00 | NOTE |
Version: 0.1.1
Check: LazyData
Result: NOTE
'LazyData' is specified without a 'data' directory
Flavors: r-devel-linux-x86_64-debian-clang, r-devel-linux-x86_64-debian-gcc, r-devel-linux-x86_64-fedora-clang, r-devel-linux-x86_64-fedora-gcc, r-devel-windows-x86_64, r-patched-linux-x86_64, r-release-linux-x86_64, r-release-macos-arm64, r-release-windows-x86_64, r-oldrel-macos-arm64, r-oldrel-macos-x86_64, r-oldrel-windows-x86_64