CRAN Package Check Results for Package UpSetR

Last updated on 2022-06-26 01:49:04 CEST.

Flavor Version Tinstall Tcheck Ttotal Status Flags
r-devel-linux-x86_64-debian-clang 1.4.0 10.50 139.61 150.11 NOTE
r-devel-linux-x86_64-debian-gcc 1.4.0 7.64 99.50 107.14 NOTE
r-devel-linux-x86_64-fedora-clang 1.4.0 175.94 NOTE
r-devel-linux-x86_64-fedora-gcc 1.4.0 176.19 NOTE
r-devel-windows-x86_64 1.4.0 22.00 166.00 188.00 NOTE
r-patched-linux-x86_64 1.4.0 8.07 128.90 136.97 NOTE
r-release-linux-x86_64 1.4.0 8.29 127.50 135.79 NOTE
r-release-macos-arm64 1.4.0 58.00 NOTE
r-release-macos-x86_64 1.4.0 107.00 NOTE
r-release-windows-x86_64 1.4.0 24.00 164.00 188.00 NOTE
r-oldrel-macos-arm64 1.4.0 86.00 NOTE
r-oldrel-macos-x86_64 1.4.0 101.00 NOTE
r-oldrel-windows-ix86+x86_64 1.4.0 21.00 93.00 114.00 NOTE

Check Details

Version: 1.4.0
Check: LazyData
Result: NOTE
     'LazyData' is specified without a 'data' directory
Flavors: r-devel-linux-x86_64-debian-clang, r-devel-linux-x86_64-debian-gcc, r-devel-linux-x86_64-fedora-clang, r-devel-linux-x86_64-fedora-gcc, r-devel-windows-x86_64, r-patched-linux-x86_64, r-release-linux-x86_64, r-release-macos-arm64, r-release-macos-x86_64, r-release-windows-x86_64, r-oldrel-macos-arm64, r-oldrel-macos-x86_64, r-oldrel-windows-ix86+x86_64

Version: 1.4.0
Check: installed package size
Result: NOTE
     installed size is 8.1Mb
     sub-directories of 1Mb or more:
     doc 7.6Mb
Flavors: r-devel-linux-x86_64-fedora-clang, r-devel-windows-x86_64, r-release-macos-arm64, r-release-macos-x86_64, r-release-windows-x86_64, r-oldrel-macos-arm64, r-oldrel-macos-x86_64, r-oldrel-windows-ix86+x86_64