Last updated on 2024-04-25 01:55:33 CEST.
Flavor | Version | Tinstall | Tcheck | Ttotal | Status | Flags |
---|---|---|---|---|---|---|
r-devel-linux-x86_64-debian-clang | 1.0.0 | 12.19 | 90.70 | 102.89 | OK | |
r-devel-linux-x86_64-debian-gcc | 1.0.0 | 8.79 | 66.73 | 75.52 | OK | |
r-devel-linux-x86_64-fedora-clang | 1.0.0 | 134.18 | OK | |||
r-devel-linux-x86_64-fedora-gcc | 1.0.0 | 125.81 | OK | |||
r-devel-windows-x86_64 | 1.0.0 | 10.00 | 79.00 | 89.00 | OK | |
r-patched-linux-x86_64 | 1.0.0 | 16.78 | 87.94 | 104.72 | OK | |
r-release-linux-x86_64 | 1.0.0 | 10.95 | 88.49 | 99.44 | OK | |
r-release-macos-arm64 | 1.0.0 | 37.00 | OK | |||
r-release-windows-x86_64 | 1.0.0 | 11.00 | 78.00 | 89.00 | OK | |
r-oldrel-macos-arm64 | 1.0.0 | 38.00 | OK | |||
r-oldrel-macos-x86_64 | 1.0.0 | 59.00 | NOTE | |||
r-oldrel-windows-x86_64 | 1.0.0 | 13.00 | 101.00 | 114.00 | OK |
Version: 1.0.0
Check: package dependencies
Result: NOTE
Package suggested but not available for checking: ‘adespatial’
Flavor: r-oldrel-macos-x86_64