CRAN Package Check Results for Package UpSetVP

Last updated on 2023-05-31 01:57:29 CEST.

Flavor Version Tinstall Tcheck Ttotal Status Flags
r-devel-linux-x86_64-debian-clang 1.0.0 10.34 92.72 103.06 OK
r-devel-linux-x86_64-debian-gcc 1.0.0 7.01 70.03 77.04 OK
r-devel-linux-x86_64-fedora-clang 1.0.0 128.16 OK
r-devel-linux-x86_64-fedora-gcc 1.0.0 146.78 OK
r-devel-windows-x86_64 1.0.0 11.00 82.00 93.00 OK
r-patched-linux-x86_64 1.0.0 14.46 88.05 102.51 OK
r-release-linux-x86_64 1.0.0 7.39 86.71 94.10 OK
r-release-macos-arm64 1.0.0 38.00 OK
r-release-macos-x86_64 1.0.0 59.00 NOTE
r-release-windows-x86_64 1.0.0 14.00 96.00 110.00 OK
r-oldrel-macos-arm64 1.0.0 38.00 OK
r-oldrel-macos-x86_64 1.0.0 56.00 OK
r-oldrel-windows-x86_64 1.0.0 14.00 100.00 114.00 OK

Check Details

Version: 1.0.0
Check: package dependencies
Result: NOTE
    Package suggested but not available for checking: ‘adespatial’
Flavor: r-release-macos-x86_64