Last updated on 2022-05-17 02:53:24 CEST.
Flavor | Version | Tinstall | Tcheck | Ttotal | Status | Flags |
---|---|---|---|---|---|---|
r-devel-linux-x86_64-debian-clang | 1.1.0 | 41.46 | 405.37 | 446.83 | OK | |
r-devel-linux-x86_64-debian-gcc | 1.1.0 | 39.43 | 296.24 | 335.67 | OK | |
r-devel-linux-x86_64-fedora-clang | 1.1.0 | 572.64 | NOTE | |||
r-devel-linux-x86_64-fedora-gcc | 1.1.0 | 571.70 | OK | |||
r-devel-windows-x86_64 | 1.1.0 | 316.00 | 410.00 | 726.00 | NOTE | |
r-patched-linux-x86_64 | 1.1.0 | 39.73 | 385.57 | 425.30 | OK | |
r-release-linux-x86_64 | 1.1.0 | 44.70 | 375.42 | 420.12 | OK | |
r-release-macos-arm64 | 1.1.0 | 133.00 | NOTE | |||
r-release-macos-x86_64 | 1.1.0 | 228.00 | NOTE | |||
r-release-windows-x86_64 | 1.1.0 | 148.00 | 408.00 | 556.00 | NOTE | |
r-oldrel-macos-arm64 | 1.1.0 | 199.00 | NOTE | |||
r-oldrel-macos-x86_64 | 1.1.0 | 272.00 | NOTE | |||
r-oldrel-windows-ix86+x86_64 | 1.1.0 | 90.00 | 387.00 | 477.00 | NOTE |
Version: 1.1.0
Check: installed package size
Result: NOTE
installed size is 9.5Mb
sub-directories of 1Mb or more:
extdata 8.7Mb
Flavors: r-devel-linux-x86_64-fedora-clang, r-devel-windows-x86_64, r-release-macos-arm64, r-release-macos-x86_64, r-release-windows-x86_64, r-oldrel-macos-arm64, r-oldrel-macos-x86_64, r-oldrel-windows-ix86+x86_64