Last updated on 2024-03-28 01:54:14 CET.
Flavor | Version | Tinstall | Tcheck | Ttotal | Status | Flags |
---|---|---|---|---|---|---|
r-devel-linux-x86_64-debian-clang | 0.1.6 | 54.48 | 89.71 | 144.19 | NOTE | |
r-devel-linux-x86_64-debian-gcc | 0.1.6 | 44.29 | 68.32 | 112.61 | NOTE | |
r-devel-linux-x86_64-fedora-clang | 0.1.6 | 209.06 | NOTE | |||
r-devel-linux-x86_64-fedora-gcc | 0.1.6 | 203.60 | NOTE | |||
r-devel-windows-x86_64 | 0.1.6 | 44.00 | 117.00 | 161.00 | NOTE | |
r-patched-linux-x86_64 | 0.1.6 | 61.89 | 87.68 | 149.57 | NOTE | |
r-release-linux-x86_64 | 0.1.6 | 51.94 | 89.95 | 141.89 | NOTE | |
r-release-macos-arm64 | 0.1.6 | 57.00 | NOTE | |||
r-release-macos-x86_64 | 0.1.6 | 88.00 | NOTE | |||
r-release-windows-x86_64 | 0.1.6 | 56.00 | 144.00 | 200.00 | NOTE | |
r-oldrel-macos-arm64 | 0.1.6 | 52.00 | OK | |||
r-oldrel-windows-x86_64 | 0.1.6 | 56.00 | 172.00 | 228.00 | OK |
Version: 0.1.6
Check: C++ specification
Result: NOTE
Specified C++11: please drop specification unless essential
Flavors: r-devel-linux-x86_64-debian-clang, r-devel-linux-x86_64-debian-gcc, r-devel-linux-x86_64-fedora-clang, r-devel-linux-x86_64-fedora-gcc, r-devel-windows-x86_64, r-patched-linux-x86_64, r-release-linux-x86_64, r-release-macos-arm64, r-release-macos-x86_64, r-release-windows-x86_64