Last updated on 2023-06-06 01:54:18 CEST.
Flavor | Version | Tinstall | Tcheck | Ttotal | Status | Flags |
---|---|---|---|---|---|---|
r-devel-linux-x86_64-debian-clang | 0.1.6 | 62.36 | 96.03 | 158.39 | NOTE | |
r-devel-linux-x86_64-debian-gcc | 0.1.6 | 46.07 | 68.49 | 114.56 | NOTE | |
r-devel-linux-x86_64-fedora-clang | 0.1.6 | 198.46 | NOTE | |||
r-devel-linux-x86_64-fedora-gcc | 0.1.6 | 192.29 | NOTE | |||
r-devel-windows-x86_64 | 0.1.6 | 41.00 | 112.00 | 153.00 | NOTE | |
r-patched-linux-x86_64 | 0.1.6 | 43.82 | 87.34 | 131.16 | NOTE | |
r-release-linux-x86_64 | 0.1.6 | 48.15 | 86.20 | 134.35 | NOTE | |
r-release-macos-arm64 | 0.1.6 | 57.00 | NOTE | |||
r-release-macos-x86_64 | 0.1.6 | 88.00 | NOTE | |||
r-release-windows-x86_64 | 0.1.6 | 54.00 | 133.00 | 187.00 | NOTE | |
r-oldrel-macos-arm64 | 0.1.6 | 52.00 | OK | |||
r-oldrel-macos-x86_64 | 0.1.6 | 71.00 | OK | |||
r-oldrel-windows-x86_64 | 0.1.6 | 55.00 | 128.00 | 183.00 | OK |
Version: 0.1.6
Check: C++ specification
Result: NOTE
Specified C++11: please drop specification unless essential
Flavors: r-devel-linux-x86_64-debian-clang, r-devel-linux-x86_64-debian-gcc, r-devel-linux-x86_64-fedora-clang, r-devel-linux-x86_64-fedora-gcc, r-devel-windows-x86_64, r-patched-linux-x86_64, r-release-linux-x86_64, r-release-macos-arm64, r-release-macos-x86_64, r-release-windows-x86_64