Last updated on 2024-04-20 01:50:17 CEST.
Flavor | Version | Tinstall | Tcheck | Ttotal | Status | Flags |
---|---|---|---|---|---|---|
r-devel-linux-x86_64-debian-clang | 0.3.1 | 7.99 | 333.60 | 341.59 | NOTE | |
r-devel-linux-x86_64-debian-gcc | 0.3.1 | NOTE | ||||
r-devel-linux-x86_64-fedora-clang | 0.3.1 | 400.32 | NOTE | |||
r-devel-linux-x86_64-fedora-gcc | 0.3.1 | 396.58 | NOTE | |||
r-prerel-macos-arm64 | 0.3.1 | 84.00 | NOTE | |||
r-prerel-windows-x86_64 | 0.3.1 | 7.00 | 201.00 | 208.00 | NOTE | |
r-patched-linux-x86_64 | 0.3.1 | 5.11 | 316.82 | 321.93 | NOTE | |
r-release-linux-x86_64 | 0.3.1 | 6.67 | 302.06 | 308.73 | NOTE | |
r-release-macos-arm64 | 0.3.1 | 96.00 | NOTE | |||
r-release-macos-x86_64 | 0.3.1 | 182.00 | NOTE | |||
r-release-windows-x86_64 | 0.3.1 | 9.00 | 289.00 | 298.00 | NOTE | |
r-oldrel-macos-arm64 | 0.3.1 | 72.00 | NOTE | |||
r-oldrel-windows-x86_64 | 0.3.1 | 10.00 | 293.00 | 303.00 | NOTE |
Version: 0.3.1
Check: Rd files
Result: NOTE
checkRd: (-1) Acoef_sh.Rd:23: Lost braces; missing escapes or markup?
23 | The function returns the K-by-K matrices {A_1, ..., A_p} as a list object.
| ^
checkRd: (-1) VARshrink.Rd:58: Lost braces; missing escapes or markup?
58 | Consider VAR(p) model: y_t = A_1 y_{t-1} + ... + A_p y_{t-p} + C d_t + e_t,
| ^
checkRd: (-1) VARshrink.Rd:58: Lost braces; missing escapes or markup?
58 | Consider VAR(p) model: y_t = A_1 y_{t-1} + ... + A_p y_{t-p} + C d_t + e_t,
| ^
Flavors: r-devel-linux-x86_64-debian-clang, r-devel-linux-x86_64-debian-gcc, r-devel-linux-x86_64-fedora-clang, r-devel-linux-x86_64-fedora-gcc, r-prerel-macos-arm64, r-prerel-windows-x86_64, r-patched-linux-x86_64
Version: 0.3.1
Check: LazyData
Result: NOTE
'LazyData' is specified without a 'data' directory
Flavors: r-devel-linux-x86_64-debian-clang, r-devel-linux-x86_64-debian-gcc, r-devel-linux-x86_64-fedora-clang, r-devel-linux-x86_64-fedora-gcc, r-prerel-macos-arm64, r-prerel-windows-x86_64, r-patched-linux-x86_64, r-release-linux-x86_64, r-release-macos-arm64, r-release-macos-x86_64, r-release-windows-x86_64, r-oldrel-macos-arm64, r-oldrel-windows-x86_64