Last updated on 2025-11-15 03:50:34 CET.
| Flavor | Version | Tinstall | Tcheck | Ttotal | Status | Flags |
|---|---|---|---|---|---|---|
| r-devel-linux-x86_64-debian-clang | 1.4 | 90.49 | 92.63 | 183.12 | OK | |
| r-devel-linux-x86_64-debian-gcc | 1.4 | 56.43 | 69.44 | 125.87 | OK | |
| r-devel-linux-x86_64-fedora-clang | 1.4 | 117.00 | 222.09 | 339.09 | OK | |
| r-devel-linux-x86_64-fedora-gcc | 1.4 | 141.00 | 168.24 | 309.24 | OK | |
| r-devel-windows-x86_64 | 1.4 | 114.00 | 111.00 | 225.00 | OK | |
| r-patched-linux-x86_64 | 1.4 | 90.91 | 88.97 | 179.88 | OK | |
| r-release-linux-x86_64 | 1.4 | 86.97 | 88.97 | 175.94 | OK | |
| r-release-macos-arm64 | 1.4 | 28.00 | 34.00 | 62.00 | OK | |
| r-release-macos-x86_64 | 1.4 | 37.00 | 70.00 | 107.00 | OK | |
| r-release-windows-x86_64 | 1.4 | 103.00 | 110.00 | 213.00 | OK | |
| r-oldrel-macos-arm64 | 1.4 | 33.00 | 36.00 | 69.00 | NOTE | |
| r-oldrel-macos-x86_64 | 1.4 | 30.00 | 55.00 | 85.00 | NOTE | |
| r-oldrel-windows-x86_64 | 1.4 | 125.00 | 143.00 | 268.00 | OK |
Version: 1.4
Check: installed package size
Result: NOTE
installed size is 5.0Mb
sub-directories of 1Mb or more:
libs 4.3Mb
Flavors: r-oldrel-macos-arm64, r-oldrel-macos-x86_64