Last updated on 2024-04-24 01:52:31 CEST.
Flavor | Version | Tinstall | Tcheck | Ttotal | Status | Flags |
---|---|---|---|---|---|---|
r-devel-linux-x86_64-debian-clang | 1.1-10 | 132.48 | 777.07 | 909.55 | OK | |
r-devel-linux-x86_64-debian-gcc | 1.1-10 | 92.50 | 498.33 | 590.83 | OK | |
r-devel-linux-x86_64-fedora-clang | 1.1-10 | 1036.23 | NOTE | |||
r-devel-linux-x86_64-fedora-gcc | 1.1-10 | 976.35 | OK | |||
r-prerel-macos-arm64 | 1.1-10 | 196.00 | NOTE | |||
r-prerel-macos-x86_64 | 1.1-10 | 638.00 | NOTE | |||
r-prerel-windows-x86_64 | 1.1-10 | 116.00 | 626.00 | 742.00 | NOTE | |
r-patched-linux-x86_64 | 1.1-10 | 151.08 | 702.39 | 853.47 | OK | |
r-release-linux-x86_64 | 1.1-10 | 109.38 | 722.60 | 831.98 | OK | |
r-release-macos-arm64 | 1.1-10 | 216.00 | NOTE | |||
r-release-macos-x86_64 | 1.1-10 | 601.00 | NOTE | |||
r-release-windows-x86_64 | 1.1-10 | 108.00 | 777.00 | 885.00 | NOTE | |
r-oldrel-macos-arm64 | 1.1-10 | 215.00 | NOTE | |||
r-oldrel-windows-x86_64 | 1.1-10 | 150.00 | 704.00 | 854.00 | NOTE |
Version: 1.1-10
Check: installed package size
Result: NOTE
installed size is 8.2Mb
sub-directories of 1Mb or more:
R 4.2Mb
help 3.2Mb
Flavors: r-devel-linux-x86_64-fedora-clang, r-prerel-macos-arm64, r-prerel-macos-x86_64, r-prerel-windows-x86_64, r-release-macos-arm64, r-release-macos-x86_64, r-release-windows-x86_64, r-oldrel-macos-arm64, r-oldrel-windows-x86_64