Last updated on 2025-05-06 02:50:36 CEST.
Flavor | Version | Tinstall | Tcheck | Ttotal | Status | Flags |
---|---|---|---|---|---|---|
r-devel-linux-x86_64-debian-clang | 0.1.5 | 4.72 | 40.20 | 44.92 | NOTE | |
r-devel-linux-x86_64-debian-gcc | 0.1.5 | 3.49 | 31.09 | 34.58 | NOTE | |
r-devel-linux-x86_64-fedora-clang | 0.1.5 | 69.85 | OK | |||
r-devel-linux-x86_64-fedora-gcc | 0.1.5 | 67.09 | OK | |||
r-devel-windows-x86_64 | 0.1.5 | 6.00 | 61.00 | 67.00 | OK | |
r-patched-linux-x86_64 | 0.1.5 | 4.46 | 38.58 | 43.04 | OK | |
r-release-linux-x86_64 | 0.1.5 | 4.03 | 39.74 | 43.77 | OK | |
r-release-macos-arm64 | 0.1.5 | 24.00 | OK | |||
r-release-macos-x86_64 | 0.1.5 | 43.00 | OK | |||
r-release-windows-x86_64 | 0.1.5 | 5.00 | 62.00 | 67.00 | OK | |
r-oldrel-macos-arm64 | 0.1.5 | 22.00 | OK | |||
r-oldrel-macos-x86_64 | 0.1.5 | 34.00 | OK | |||
r-oldrel-windows-x86_64 | 0.1.5 | 6.00 | 68.00 | 74.00 | OK |
Version: 0.1.5
Check: CRAN incoming feasibility
Result: NOTE
Maintainer: ‘Pavel V. Moskalev <moskalefff@gmail.com>’
No Authors@R field in DESCRIPTION.
Please add one, modifying
Authors@R: person(given = c("Pavel", "V."),
family = "Moskalev",
role = c("aut", "cre"),
email = "moskalefff@gmail.com")
as necessary.
Flavors: r-devel-linux-x86_64-debian-clang, r-devel-linux-x86_64-debian-gcc