Last updated on 2025-11-15 03:50:34 CET.
| Flavor | Version | Tinstall | Tcheck | Ttotal | Status | Flags |
|---|---|---|---|---|---|---|
| r-devel-linux-x86_64-debian-clang | 2.0.0 | 63.00 | 258.91 | 321.91 | OK | |
| r-devel-linux-x86_64-debian-gcc | 2.0.0 | 43.32 | 192.42 | 235.74 | OK | |
| r-devel-linux-x86_64-fedora-clang | 2.0.0 | 344.00 | 162.25 | 506.25 | OK | |
| r-devel-linux-x86_64-fedora-gcc | 2.0.0 | 426.00 | 102.99 | 528.99 | OK | |
| r-devel-windows-x86_64 | 2.0.0 | 88.00 | 214.00 | 302.00 | OK | |
| r-patched-linux-x86_64 | 2.0.0 | 69.46 | 216.99 | 286.45 | OK | |
| r-release-linux-x86_64 | 2.0.0 | 62.53 | 218.03 | 280.56 | OK | |
| r-release-macos-arm64 | 2.0.0 | 25.00 | 82.00 | 107.00 | OK | |
| r-release-macos-x86_64 | 2.0.0 | 33.00 | 207.00 | 240.00 | OK | |
| r-release-windows-x86_64 | 2.0.0 | 79.00 | 211.00 | 290.00 | OK | |
| r-oldrel-macos-arm64 | 2.0.0 | 25.00 | 85.00 | 110.00 | NOTE | |
| r-oldrel-macos-x86_64 | 2.0.0 | 35.00 | 197.00 | 232.00 | NOTE | |
| r-oldrel-windows-x86_64 | 2.0.0 | 93.00 | 282.00 | 375.00 | OK |
Version: 2.0.0
Check: installed package size
Result: NOTE
installed size is 6.0Mb
sub-directories of 1Mb or more:
doc 1.1Mb
libs 4.0Mb
Flavors: r-oldrel-macos-arm64, r-oldrel-macos-x86_64