Last updated on 2024-04-18 01:55:45 CEST.
Flavor | Version | Tinstall | Tcheck | Ttotal | Status | Flags |
---|---|---|---|---|---|---|
r-devel-linux-x86_64-debian-clang | 1.2.1 | 172.30 | 131.13 | 303.43 | NOTE | |
r-devel-linux-x86_64-debian-gcc | 1.2.1 | 120.36 | 99.77 | 220.13 | NOTE | |
r-devel-linux-x86_64-fedora-clang | 1.2.1 | 374.71 | NOTE | |||
r-devel-linux-x86_64-fedora-gcc | 1.2.1 | 392.34 | NOTE | |||
r-prerel-macos-arm64 | 1.2.1 | 94.00 | NOTE | |||
r-prerel-windows-x86_64 | 1.2.1 | 112.00 | 132.00 | 244.00 | NOTE | |
r-patched-linux-x86_64 | 1.2.1 | 152.71 | 130.04 | 282.75 | NOTE | |
r-release-linux-x86_64 | 1.2.1 | 144.35 | 125.78 | 270.13 | NOTE | |
r-release-macos-arm64 | 1.2.1 | 102.00 | NOTE | |||
r-release-macos-x86_64 | 1.2.1 | 178.00 | NOTE | |||
r-release-windows-x86_64 | 1.2.1 | 138.00 | 169.00 | 307.00 | NOTE | |
r-oldrel-macos-arm64 | 1.2.1 | 111.00 | NOTE | |||
r-oldrel-windows-x86_64 | 1.2.1 | 132.00 | 155.00 | 287.00 | OK |
Version: 1.2.1
Check: C++ specification
Result: NOTE
Specified C++11: please drop specification unless essential
Flavors: r-devel-linux-x86_64-debian-clang, r-devel-linux-x86_64-debian-gcc, r-devel-linux-x86_64-fedora-clang, r-devel-linux-x86_64-fedora-gcc, r-prerel-macos-arm64, r-prerel-windows-x86_64, r-patched-linux-x86_64, r-release-linux-x86_64, r-release-macos-arm64, r-release-macos-x86_64, r-release-windows-x86_64
Version: 1.2.1
Check: installed package size
Result: NOTE
installed size is 9.6Mb
sub-directories of 1Mb or more:
libs 9.4Mb
Flavors: r-prerel-macos-arm64, r-release-macos-arm64, r-release-macos-x86_64, r-oldrel-macos-arm64
Version: 1.2.1
Check: package dependencies
Result: NOTE
Package suggested but not available for checking: ‘Rsymphony’
Flavor: r-release-macos-x86_64