Last updated on 2025-11-12 01:49:15 CET.
| Flavor | Version | Tinstall | Tcheck | Ttotal | Status | Flags |
|---|---|---|---|---|---|---|
| r-devel-linux-x86_64-debian-clang | 4.0.3 | 12.37 | 267.70 | 280.07 | OK | |
| r-devel-linux-x86_64-debian-gcc | 4.0.3 | 8.12 | 168.52 | 176.64 | OK | |
| r-devel-linux-x86_64-fedora-clang | 4.0.3 | 23.00 | 407.30 | 430.30 | OK | |
| r-devel-linux-x86_64-fedora-gcc | 4.0.3 | 24.00 | 406.25 | 430.25 | OK | |
| r-devel-windows-x86_64 | 4.0.3 | 12.00 | 233.00 | 245.00 | OK | |
| r-patched-linux-x86_64 | 4.0.3 | 10.57 | 257.23 | 267.80 | OK | |
| r-release-linux-x86_64 | 4.0.3 | 10.87 | 252.95 | 263.82 | OK | |
| r-release-macos-arm64 | 4.0.3 | 5.00 | 111.00 | 116.00 | OK | |
| r-release-macos-x86_64 | 4.0.3 | 12.00 | 274.00 | 286.00 | OK | |
| r-release-windows-x86_64 | 4.0.3 | 12.00 | 232.00 | 244.00 | OK | |
| r-oldrel-macos-arm64 | 4.0.3 | 6.00 | 106.00 | 112.00 | NOTE | |
| r-oldrel-macos-x86_64 | 4.0.3 | 8.00 | 162.00 | 170.00 | OK | |
| r-oldrel-windows-x86_64 | 4.0.3 | 16.00 | 314.00 | 330.00 | OK |
Version: 4.0.3
Check: package dependencies
Result: NOTE
Package suggested but not available for checking: ‘glmmTMB’
Flavor: r-oldrel-macos-arm64