Last updated on 2024-08-16 01:48:33 CEST.
Flavor | Version | Tinstall | Tcheck | Ttotal | Status | Flags |
---|---|---|---|---|---|---|
r-devel-linux-x86_64-debian-clang | 1.14-3 | 4.21 | 28.81 | 33.02 | OK | |
r-devel-linux-x86_64-debian-gcc | 1.14-3 | 2.98 | 20.82 | 23.80 | OK | |
r-devel-linux-x86_64-fedora-clang | 1.14-3 | 51.88 | NOTE | |||
r-devel-linux-x86_64-fedora-gcc | 1.14-3 | 49.41 | NOTE | |||
r-devel-windows-x86_64 | 1.14-3 | 5.00 | 50.00 | 55.00 | OK | |
r-patched-linux-x86_64 | 1.14-3 | 3.78 | 27.32 | 31.10 | OK | |
r-release-linux-x86_64 | 1.14-3 | 3.94 | 27.13 | 31.07 | OK | |
r-release-macos-arm64 | 1.14-3 | 19.00 | OK | |||
r-release-macos-x86_64 | 1.14-3 | 25.00 | OK | |||
r-release-windows-x86_64 | 1.14-3 | 5.00 | 48.00 | 53.00 | OK | |
r-oldrel-macos-arm64 | 1.14-3 | 29.00 | OK | |||
r-oldrel-macos-x86_64 | 1.14-3 | 47.00 | OK | |||
r-oldrel-windows-x86_64 | 1.14-3 | 5.00 | 52.00 | 57.00 | OK |
Version: 1.14-3
Check: data for non-ASCII characters
Result: NOTE
Note: found 2 marked UTF-8 strings
Flavors: r-devel-linux-x86_64-fedora-clang, r-devel-linux-x86_64-fedora-gcc