Last updated on 2025-05-25 01:50:03 CEST.
Flavor | Version | Tinstall | Tcheck | Ttotal | Status | Flags |
---|---|---|---|---|---|---|
r-devel-linux-x86_64-debian-clang | 0.2.3 | 159.71 | 333.67 | 493.38 | OK | |
r-devel-linux-x86_64-debian-gcc | 0.2.3 | 123.41 | 217.21 | 340.62 | OK | |
r-devel-linux-x86_64-fedora-clang | 0.2.3 | 823.13 | OK | |||
r-devel-linux-x86_64-fedora-gcc | 0.2.3 | 903.10 | OK | |||
r-devel-windows-x86_64 | 0.2.3 | 166.00 | 322.00 | 488.00 | OK | |
r-patched-linux-x86_64 | 0.2.3 | 159.23 | 322.09 | 481.32 | OK | |
r-release-linux-x86_64 | 0.2.3 | 163.64 | 325.16 | 488.80 | OK | |
r-release-macos-arm64 | 0.2.3 | 180.00 | OK | |||
r-release-macos-x86_64 | 0.2.3 | 359.00 | OK | |||
r-release-windows-x86_64 | 0.2.3 | 164.00 | 313.00 | 477.00 | OK | |
r-oldrel-macos-arm64 | 0.2.3 | 181.00 | NOTE | |||
r-oldrel-macos-x86_64 | 0.2.3 | 362.00 | NOTE | |||
r-oldrel-windows-x86_64 | 0.2.3 | 194.00 | 427.00 | 621.00 | OK |
Version: 0.2.3
Check: installed package size
Result: NOTE
installed size is 43.3Mb
sub-directories of 1Mb or more:
libs 42.3Mb
Flavors: r-oldrel-macos-arm64, r-oldrel-macos-x86_64