Last updated on 2024-08-16 01:48:33 CEST.
Flavor | Version | Tinstall | Tcheck | Ttotal | Status | Flags |
---|---|---|---|---|---|---|
r-devel-linux-x86_64-debian-clang | 0.99.19.1 | 54.96 | 24.50 | 79.46 | NOTE | |
r-devel-linux-x86_64-debian-gcc | 0.99.19.1 | 41.78 | 19.01 | 60.79 | NOTE | |
r-devel-linux-x86_64-fedora-clang | 0.99.19.1 | 159.41 | NOTE | |||
r-devel-linux-x86_64-fedora-gcc | 0.99.19.1 | 159.88 | NOTE | |||
r-devel-windows-x86_64 | 0.99.19.1 | 59.00 | 72.00 | 131.00 | NOTE | |
r-patched-linux-x86_64 | 0.99.19.1 | 59.81 | 23.42 | 83.23 | NOTE | |
r-release-linux-x86_64 | 0.99.19.1 | 59.50 | 23.53 | 83.03 | NOTE | |
r-release-macos-arm64 | 0.99.19.1 | 40.00 | NOTE | |||
r-release-macos-x86_64 | 0.99.19.1 | 45.00 | NOTE | |||
r-release-windows-x86_64 | 0.99.19.1 | 59.00 | 77.00 | 136.00 | NOTE | |
r-oldrel-macos-arm64 | 0.99.19.1 | 45.00 | OK | |||
r-oldrel-macos-x86_64 | 0.99.19.1 | 80.00 | OK | |||
r-oldrel-windows-x86_64 | 0.99.19.1 | 55.00 | 83.00 | 138.00 | OK |
Version: 0.99.19.1
Check: Rd files
Result: NOTE
checkRd: (-1) xbrlSECdev01.Rd:20: Lost braces in \itemize; meant \describe ?
Flavors: r-devel-linux-x86_64-debian-clang, r-devel-linux-x86_64-debian-gcc, r-devel-linux-x86_64-fedora-clang, r-devel-linux-x86_64-fedora-gcc, r-devel-windows-x86_64, r-patched-linux-x86_64, r-release-linux-x86_64, r-release-macos-arm64, r-release-macos-x86_64, r-release-windows-x86_64