Last updated on 2025-11-02 02:51:00 CET.
| Flavor | Version | Tinstall | Tcheck | Ttotal | Status | Flags |
|---|---|---|---|---|---|---|
| r-devel-linux-x86_64-debian-clang | 1.6.5 | 163.74 | 194.51 | 358.25 | OK | |
| r-devel-linux-x86_64-debian-gcc | 1.6.5 | 121.54 | 115.03 | 236.57 | OK | |
| r-devel-linux-x86_64-fedora-clang | 1.6.5 | 157.00 | 457.79 | 614.79 | NOTE | |
| r-devel-linux-x86_64-fedora-gcc | 1.6.5 | 160.00 | 499.36 | 659.36 | NOTE | |
| r-devel-windows-x86_64 | 1.6.5 | 185.00 | 181.00 | 366.00 | OK | |
| r-patched-linux-x86_64 | 1.6.5 | 181.05 | 181.41 | 362.46 | OK | |
| r-release-linux-x86_64 | 1.6.5 | 185.71 | 178.14 | 363.85 | OK | |
| r-release-macos-arm64 | 1.6.5 | 58.00 | 70.00 | 128.00 | OK | |
| r-release-macos-x86_64 | 1.6.5 | 58.00 | 176.00 | 234.00 | OK | |
| r-release-windows-x86_64 | 1.6.5 | 185.00 | 180.00 | 365.00 | OK | |
| r-oldrel-macos-arm64 | 1.6.5 | 59.00 | 89.00 | 148.00 | NOTE | |
| r-oldrel-macos-x86_64 | 1.6.5 | 54.00 | 187.00 | 241.00 | NOTE | |
| r-oldrel-windows-x86_64 | 1.6.5 | 214.00 | 246.00 | 460.00 | OK |
Version: 1.6.5
Check: dependencies in R code
Result: NOTE
Namespace in Imports field not imported from: ‘MASS’
All declared Imports should be used.
Flavors: r-devel-linux-x86_64-fedora-clang, r-devel-linux-x86_64-fedora-gcc
Version: 1.6.5
Check: installed package size
Result: NOTE
installed size is 15.9Mb
sub-directories of 1Mb or more:
doc 2.4Mb
libs 13.2Mb
Flavors: r-oldrel-macos-arm64, r-oldrel-macos-x86_64