CRAN Package Check Results for Package YPBP

Last updated on 2025-04-15 01:50:50 CEST.

Flavor Version Tinstall Tcheck Ttotal Status Flags
r-devel-linux-x86_64-debian-clang 0.0.1 242.74 154.99 397.73 OK
r-devel-linux-x86_64-debian-gcc 0.0.1 222.03 126.47 348.50 OK
r-devel-linux-x86_64-fedora-clang 0.0.1 611.84 NOTE
r-devel-linux-x86_64-fedora-gcc 0.0.1 799.52 NOTE
r-devel-windows-x86_64 0.0.1 260.00 199.00 459.00 OK
r-patched-linux-x86_64 0.0.1 275.07 175.62 450.69 OK
r-release-linux-x86_64 0.0.1 275.70 172.87 448.57 OK
r-release-macos-arm64 0.0.1 158.00 OK
r-release-macos-x86_64 0.0.1 293.00 OK
r-release-windows-x86_64 0.0.1 266.00 189.00 455.00 OK
r-oldrel-macos-arm64 0.0.1 161.00 NOTE
r-oldrel-macos-x86_64 0.0.1 222.00 NOTE
r-oldrel-windows-x86_64 0.0.1 298.00 241.00 539.00 NOTE

Check Details

Version: 0.0.1
Check: dependencies in R code
Result: NOTE Namespace in Imports field not imported from: ‘rstantools’ All declared Imports should be used. Flavors: r-devel-linux-x86_64-fedora-clang, r-devel-linux-x86_64-fedora-gcc

Version: 0.0.1
Check: installed package size
Result: NOTE installed size is 56.0Mb sub-directories of 1Mb or more: libs 55.7Mb Flavors: r-oldrel-macos-arm64, r-oldrel-macos-x86_64

Version: 0.0.1
Check: for GNU extensions in Makefiles
Result: NOTE GNU make is a SystemRequirements. Flavors: r-oldrel-macos-arm64, r-oldrel-macos-x86_64, r-oldrel-windows-x86_64