CRAN Package Check Results for Package ZINARp

Last updated on 2025-02-10 01:48:37 CET.

Flavor Version Tinstall Tcheck Ttotal Status Flags
r-devel-linux-x86_64-debian-clang 0.1.0 2.05 26.97 29.02 OK
r-devel-linux-x86_64-debian-gcc 0.1.0 1.67 19.59 21.26 OK
r-devel-linux-x86_64-fedora-clang 0.1.0 48.40 NOTE
r-devel-linux-x86_64-fedora-gcc 0.1.0 45.84 NOTE
r-devel-windows-x86_64 0.1.0 4.00 46.00 50.00 OK
r-patched-linux-x86_64 0.1.0 1.94 24.86 26.80 OK
r-release-linux-x86_64 0.1.0 2.13 24.67 26.80 OK
r-release-macos-arm64 0.1.0 18.00 OK
r-release-macos-x86_64 0.1.0 28.00 OK
r-release-windows-x86_64 0.1.0 4.00 48.00 52.00 OK
r-oldrel-macos-arm64 0.1.0 19.00 OK
r-oldrel-macos-x86_64 0.1.0 26.00 OK
r-oldrel-windows-x86_64 0.1.0 4.00 48.00 52.00 OK

Check Details

Version: 0.1.0
Check: dependencies in R code
Result: NOTE Namespace in Imports field not imported from: ‘utils’ All declared Imports should be used. Flavors: r-devel-linux-x86_64-fedora-clang, r-devel-linux-x86_64-fedora-gcc