Last updated on 2024-04-19 01:59:07 CEST.
Flavor | Version | Tinstall | Tcheck | Ttotal | Status | Flags |
---|---|---|---|---|---|---|
r-devel-linux-x86_64-debian-clang | 1.0.1 | 16.34 | 221.81 | 238.15 | OK | |
r-devel-linux-x86_64-debian-gcc | 1.0.1 | 11.06 | 169.16 | 180.22 | OK | |
r-devel-linux-x86_64-fedora-clang | 1.0.1 | 295.19 | NOTE | |||
r-devel-linux-x86_64-fedora-gcc | 1.0.1 | 292.24 | NOTE | |||
r-prerel-macos-arm64 | 1.0.1 | 100.00 | OK | |||
r-prerel-windows-x86_64 | 1.0.1 | 14.00 | 188.00 | 202.00 | OK | |
r-patched-linux-x86_64 | 1.0.1 | 14.75 | 221.63 | 236.38 | OK | |
r-release-linux-x86_64 | 1.0.1 | 10.64 | 225.00 | 235.64 | OK | |
r-release-macos-arm64 | 1.0.1 | 101.00 | OK | |||
r-release-macos-x86_64 | 1.0.1 | 176.00 | OK | |||
r-release-windows-x86_64 | 1.0.1 | 19.00 | 224.00 | 243.00 | OK | |
r-oldrel-macos-arm64 | 1.0.1 | 107.00 | NOTE | |||
r-oldrel-windows-x86_64 | 1.0.1 | 19.00 | 212.00 | 231.00 | OK |
Version: 1.0.1
Check: dependencies in R code
Result: NOTE
Namespace in Imports field not imported from: ‘dplyr’
All declared Imports should be used.
Flavors: r-devel-linux-x86_64-fedora-clang, r-devel-linux-x86_64-fedora-gcc, r-oldrel-macos-arm64