Last updated on 2024-08-16 01:48:12 CEST.
Flavor | Version | Tinstall | Tcheck | Ttotal | Status | Flags |
---|---|---|---|---|---|---|
r-devel-linux-x86_64-debian-clang | 0.3.1 | 5.26 | 71.38 | 76.64 | NOTE | |
r-devel-linux-x86_64-debian-gcc | 0.3.1 | 3.50 | 51.46 | 54.96 | NOTE | |
r-devel-linux-x86_64-fedora-clang | 0.3.1 | 122.93 | NOTE | |||
r-devel-linux-x86_64-fedora-gcc | 0.3.1 | 130.44 | NOTE | |||
r-devel-windows-x86_64 | 0.3.1 | 6.00 | 100.00 | 106.00 | NOTE | |
r-patched-linux-x86_64 | 0.3.1 | 5.14 | 67.57 | 72.71 | NOTE | |
r-release-linux-x86_64 | 0.3.1 | 4.98 | 66.88 | 71.86 | NOTE | |
r-release-macos-arm64 | 0.3.1 | 49.00 | NOTE | |||
r-release-macos-x86_64 | 0.3.1 | 81.00 | NOTE | |||
r-release-windows-x86_64 | 0.3.1 | 8.00 | 98.00 | 106.00 | NOTE | |
r-oldrel-macos-arm64 | 0.3.1 | 53.00 | OK | |||
r-oldrel-macos-x86_64 | 0.3.1 | 77.00 | OK | |||
r-oldrel-windows-x86_64 | 0.3.1 | 9.00 | 113.00 | 122.00 | OK |
Version: 0.3.1
Check: Rd files
Result: NOTE
checkRd: (-1) bind_tweets.Rd:21: Lost braces in \itemize; meant \describe ?
checkRd: (-1) bind_tweets.Rd:22: Lost braces in \itemize; meant \describe ?
Flavors: r-devel-linux-x86_64-debian-clang, r-devel-linux-x86_64-debian-gcc, r-devel-linux-x86_64-fedora-clang, r-devel-linux-x86_64-fedora-gcc, r-devel-windows-x86_64, r-patched-linux-x86_64, r-release-linux-x86_64, r-release-macos-arm64, r-release-macos-x86_64, r-release-windows-x86_64