Last updated on 2024-04-20 01:49:49 CEST.
Flavor | Version | Tinstall | Tcheck | Ttotal | Status | Flags |
---|---|---|---|---|---|---|
r-devel-linux-x86_64-debian-clang | 1.3.3 | 78.43 | 88.99 | 167.42 | OK | |
r-devel-linux-x86_64-debian-gcc | 1.3.3 | OK | ||||
r-devel-linux-x86_64-fedora-clang | 1.3.3 | 230.57 | NOTE | |||
r-devel-linux-x86_64-fedora-gcc | 1.3.3 | 218.99 | NOTE | |||
r-prerel-macos-arm64 | 1.3.3 | 51.00 | OK | |||
r-prerel-windows-x86_64 | 1.3.3 | 61.00 | 144.00 | 205.00 | OK | |
r-patched-linux-x86_64 | 1.3.3 | 77.32 | 82.94 | 160.26 | OK | |
r-release-linux-x86_64 | 1.3.3 | 72.98 | 83.67 | 156.65 | OK | |
r-release-macos-arm64 | 1.3.3 | 59.00 | OK | |||
r-release-macos-x86_64 | 1.3.3 | 92.00 | OK | |||
r-release-windows-x86_64 | 1.3.3 | 76.00 | 119.00 | 195.00 | OK | |
r-oldrel-macos-arm64 | 1.3.3 | 59.00 | OK | |||
r-oldrel-windows-x86_64 | 1.3.3 | 76.00 | 120.00 | 196.00 | OK |
Version: 1.3.3
Check: compiled code
Result: NOTE
File ‘acc/libs/acc.so’:
Found no calls to: ‘R_registerRoutines’, ‘R_useDynamicSymbols’
It is good practice to register native routines and to disable symbol
search.
See ‘Writing portable packages’ in the ‘Writing R Extensions’ manual.
Flavors: r-devel-linux-x86_64-fedora-clang, r-devel-linux-x86_64-fedora-gcc