CRAN Package Check Results for Package ace2fastq

Last updated on 2022-05-16 02:50:56 CEST.

Flavor Version Tinstall Tcheck Ttotal Status Flags
r-devel-linux-x86_64-debian-clang 0.6.0 1.36 35.78 37.14 NOTE
r-devel-linux-x86_64-debian-gcc 0.6.0 1.74 27.51 29.25 NOTE
r-devel-linux-x86_64-fedora-clang 0.6.0 46.65 NOTE
r-devel-linux-x86_64-fedora-gcc 0.6.0 44.85 NOTE
r-devel-windows-x86_64 0.6.0 9.00 54.00 63.00 NOTE
r-patched-linux-x86_64 0.6.0 2.13 34.81 36.94 NOTE
r-release-linux-x86_64 0.6.0 2.12 34.47 36.59 NOTE
r-release-macos-arm64 0.6.0 20.00 NOTE
r-release-macos-x86_64 0.6.0 26.00 NOTE
r-release-windows-x86_64 0.6.0 13.00 56.00 69.00 NOTE
r-oldrel-macos-arm64 0.6.0 21.00 NOTE
r-oldrel-macos-x86_64 0.6.0 26.00 NOTE
r-oldrel-windows-ix86+x86_64 0.6.0 6.00 46.00 52.00 NOTE

Check Details

Version: 0.6.0
Check: LazyData
Result: NOTE
     'LazyData' is specified without a 'data' directory
Flavors: r-devel-linux-x86_64-debian-clang, r-devel-linux-x86_64-debian-gcc, r-devel-linux-x86_64-fedora-clang, r-devel-linux-x86_64-fedora-gcc, r-devel-windows-x86_64, r-patched-linux-x86_64, r-release-linux-x86_64, r-release-macos-arm64, r-release-macos-x86_64, r-release-windows-x86_64, r-oldrel-macos-arm64, r-oldrel-macos-x86_64, r-oldrel-windows-ix86+x86_64