CRAN Package Check Results for Package aceEditor

Last updated on 2022-08-09 01:53:45 CEST.

Flavor Version Tinstall Tcheck Ttotal Status Flags
r-devel-linux-x86_64-debian-clang 1.0.1 4.35 30.19 34.54 NOTE
r-devel-linux-x86_64-debian-gcc 1.0.1 3.10 23.29 26.39 NOTE
r-devel-linux-x86_64-fedora-clang 1.0.1 50.73 NOTE
r-devel-linux-x86_64-fedora-gcc 1.0.1 49.66 NOTE
r-devel-windows-x86_64 1.0.1 18.00 58.00 76.00 NOTE
r-patched-linux-x86_64 1.0.1 3.98 28.88 32.86 NOTE
r-release-linux-x86_64 1.0.1 NOTE
r-release-macos-arm64 1.0.1 18.00 NOTE
r-release-macos-x86_64 1.0.1 25.00 NOTE
r-release-windows-x86_64 1.0.1 32.00 57.00 89.00 NOTE
r-oldrel-macos-arm64 1.0.1 22.00 NOTE
r-oldrel-macos-x86_64 1.0.1 31.00 NOTE
r-oldrel-windows-ix86+x86_64 1.0.1 9.00 49.00 58.00 NOTE

Check Details

Version: 1.0.1
Check: LazyData
Result: NOTE
     'LazyData' is specified without a 'data' directory
Flavors: r-devel-linux-x86_64-debian-clang, r-devel-linux-x86_64-debian-gcc, r-devel-linux-x86_64-fedora-clang, r-devel-linux-x86_64-fedora-gcc, r-devel-windows-x86_64, r-patched-linux-x86_64, r-release-linux-x86_64, r-release-macos-arm64, r-release-macos-x86_64, r-release-windows-x86_64, r-oldrel-macos-arm64, r-oldrel-macos-x86_64, r-oldrel-windows-ix86+x86_64

Version: 1.0.1
Check: installed package size
Result: NOTE
     installed size is 11.7Mb
     sub-directories of 1Mb or more:
     htmlwidgets 11.6Mb
Flavors: r-devel-linux-x86_64-fedora-clang, r-devel-windows-x86_64, r-release-macos-arm64, r-release-macos-x86_64, r-release-windows-x86_64, r-oldrel-macos-arm64, r-oldrel-macos-x86_64, r-oldrel-windows-ix86+x86_64