Last updated on 2025-11-04 02:51:55 CET.
| Flavor | Version | Tinstall | Tcheck | Ttotal | Status | Flags | 
|---|---|---|---|---|---|---|
| r-devel-linux-x86_64-debian-clang | 1.11 | 28.78 | 70.24 | 99.02 | OK | |
| r-devel-linux-x86_64-debian-gcc | 1.11 | 17.51 | 39.13 | 56.64 | OK | |
| r-devel-linux-x86_64-fedora-clang | 1.11 | 63.00 | 79.46 | 142.46 | OK | |
| r-devel-linux-x86_64-fedora-gcc | 1.11 | 61.00 | 63.32 | 124.32 | OK | |
| r-devel-windows-x86_64 | 1.11 | 30.00 | 95.00 | 125.00 | OK | |
| r-patched-linux-x86_64 | 1.11 | 27.45 | 51.16 | 78.61 | OK | |
| r-release-linux-x86_64 | 1.11 | 25.33 | 50.55 | 75.88 | OK | |
| r-release-macos-arm64 | 1.11 | 11.00 | 25.00 | 36.00 | OK | |
| r-release-macos-x86_64 | 1.11 | 27.00 | 48.00 | 75.00 | OK | |
| r-release-windows-x86_64 | 1.11 | 29.00 | 88.00 | 117.00 | OK | |
| r-oldrel-macos-arm64 | 1.11 | 12.00 | 31.00 | 43.00 | OK | |
| r-oldrel-macos-x86_64 | 1.11 | 27.00 | 62.00 | 89.00 | NOTE | |
| r-oldrel-windows-x86_64 | 1.11 | 36.00 | 107.00 | 143.00 | OK | 
Version: 1.11
Check: installed package size
Result: NOTE
    installed size is  5.4Mb
    sub-directories of 1Mb or more:
      R      2.2Mb
      libs   3.1Mb
Flavor: r-oldrel-macos-x86_64