CRAN Package Check Results for Package acebayes

Last updated on 2022-07-04 02:53:24 CEST.

Flavor Version Tinstall Tcheck Ttotal Status Flags
r-devel-linux-x86_64-debian-clang 1.10 46.30 85.86 132.16 OK
r-devel-linux-x86_64-debian-gcc 1.10 29.02 47.08 76.10 OK
r-devel-linux-x86_64-fedora-clang 1.10 152.78 OK
r-devel-linux-x86_64-fedora-gcc 1.10 127.59 OK
r-devel-windows-x86_64 1.10 49.00 108.00 157.00 OK
r-patched-linux-x86_64 1.10 33.27 59.83 93.10 OK
r-release-linux-x86_64 1.10 25.05 59.87 84.92 OK
r-release-macos-arm64 1.10 39.00 OK
r-release-macos-x86_64 1.10 51.00 OK
r-release-windows-x86_64 1.10 48.00 107.00 155.00 OK
r-oldrel-macos-arm64 1.10 45.00 NOTE
r-oldrel-macos-x86_64 1.10 72.00 OK
r-oldrel-windows-ix86+x86_64 1.10 75.00 123.00 198.00 OK

Check Details

Version: 1.10
Check: installed package size
Result: NOTE
     installed size is 5.1Mb
     sub-directories of 1Mb or more:
     R 1.4Mb
     libs 3.5Mb
Flavor: r-oldrel-macos-arm64