Last updated on 2024-04-18 01:54:59 CEST.
Flavor | Version | Tinstall | Tcheck | Ttotal | Status | Flags |
---|---|---|---|---|---|---|
r-devel-linux-x86_64-debian-clang | 1.10 | 30.13 | 66.13 | 96.26 | NOTE | |
r-devel-linux-x86_64-debian-gcc | 1.10 | 27.27 | 48.96 | 76.23 | NOTE | |
r-devel-linux-x86_64-fedora-clang | 1.10 | 148.80 | NOTE | |||
r-devel-linux-x86_64-fedora-gcc | 1.10 | 133.17 | NOTE | |||
r-prerel-macos-arm64 | 1.10 | 38.00 | NOTE | |||
r-prerel-windows-x86_64 | 1.10 | 29.00 | 91.00 | 120.00 | NOTE | |
r-patched-linux-x86_64 | 1.10 | 33.26 | 62.20 | 95.46 | NOTE | |
r-release-linux-x86_64 | 1.10 | 32.19 | 64.66 | 96.85 | NOTE | |
r-release-macos-arm64 | 1.10 | 41.00 | NOTE | |||
r-release-macos-x86_64 | 1.10 | 65.00 | NOTE | |||
r-release-windows-x86_64 | 1.10 | 38.00 | 103.00 | 141.00 | NOTE | |
r-oldrel-macos-arm64 | 1.10 | 39.00 | OK | |||
r-oldrel-windows-x86_64 | 1.10 | 34.00 | 103.00 | 137.00 | OK |
Version: 1.10
Check: C++ specification
Result: NOTE
Specified C++11: please drop specification unless essential
Flavors: r-devel-linux-x86_64-debian-clang, r-devel-linux-x86_64-debian-gcc, r-devel-linux-x86_64-fedora-clang, r-devel-linux-x86_64-fedora-gcc, r-prerel-macos-arm64, r-prerel-windows-x86_64, r-patched-linux-x86_64, r-release-linux-x86_64, r-release-macos-arm64, r-release-macos-x86_64, r-release-windows-x86_64
Version: 1.10
Check: Rd files
Result: NOTE
checkRd: (-1) overstallwoods.Rd:184-185: Lost braces in \itemize; \value handles \item{}{} directly
checkRd: (-1) overstallwoods.Rd:186-187: Lost braces in \itemize; \value handles \item{}{} directly
checkRd: (-1) overstallwoods.Rd:188-189: Lost braces in \itemize; \value handles \item{}{} directly
checkRd: (-1) overstallwoods.Rd:190-191: Lost braces in \itemize; \value handles \item{}{} directly
Flavors: r-devel-linux-x86_64-debian-clang, r-devel-linux-x86_64-debian-gcc, r-devel-linux-x86_64-fedora-clang, r-devel-linux-x86_64-fedora-gcc, r-prerel-macos-arm64, r-prerel-windows-x86_64, r-patched-linux-x86_64