Last updated on 2025-05-29 02:50:42 CEST.
Flavor | Version | Tinstall | Tcheck | Ttotal | Status | Flags |
---|---|---|---|---|---|---|
r-devel-linux-x86_64-debian-clang | 1.1 | 12.21 | 105.11 | 117.32 | NOTE | |
r-devel-linux-x86_64-debian-gcc | 1.1 | 10.47 | 74.90 | 85.37 | NOTE | |
r-devel-linux-x86_64-fedora-clang | 1.1 | 182.95 | OK | |||
r-devel-linux-x86_64-fedora-gcc | 1.1 | 174.69 | OK | |||
r-devel-windows-x86_64 | 1.1 | 14.00 | 122.00 | 136.00 | OK | |
r-patched-linux-x86_64 | 1.1 | 13.93 | 99.04 | 112.97 | OK | |
r-release-linux-x86_64 | 1.1 | 11.61 | 101.05 | 112.66 | OK | |
r-release-macos-arm64 | 1.1 | 46.00 | OK | |||
r-release-macos-x86_64 | 1.1 | 95.00 | OK | |||
r-release-windows-x86_64 | 1.1 | 15.00 | 124.00 | 139.00 | OK | |
r-oldrel-macos-arm64 | 1.1 | 49.00 | OK | |||
r-oldrel-macos-x86_64 | 1.1 | 75.00 | OK | |||
r-oldrel-windows-x86_64 | 1.1 | 20.00 | 151.00 | 171.00 | OK |
Version: 1.1
Check: CRAN incoming feasibility
Result: NOTE
Maintainer: ‘Alexander Sohn <asohn@uni-goettingen.de>’
No Authors@R field in DESCRIPTION.
Please add one, modifying
Authors@R: person(given = "Alexander",
family = "Sohn",
role = c("aut", "cre"),
email = "asohn@uni-goettingen.de")
as necessary.
Flavors: r-devel-linux-x86_64-debian-clang, r-devel-linux-x86_64-debian-gcc