Last updated on 2025-10-26 01:49:43 CEST.
| Flavor | Version | Tinstall | Tcheck | Ttotal | Status | Flags |
|---|---|---|---|---|---|---|
| r-devel-linux-x86_64-debian-clang | 1.2 | 140.30 | 38.13 | 178.43 | NOTE | |
| r-devel-linux-x86_64-debian-gcc | 1.2 | 122.11 | 29.55 | 151.66 | NOTE | |
| r-devel-linux-x86_64-fedora-clang | 1.2 | 315.00 | -17.16 | 297.84 | OK | |
| r-devel-linux-x86_64-fedora-gcc | 1.2 | 600.00 | -298.05 | 301.95 | NOTE | |
| r-devel-windows-x86_64 | 1.2 | 139.00 | 50.00 | 189.00 | OK | |
| r-patched-linux-x86_64 | 1.2 | 129.93 | 37.25 | 167.18 | OK | |
| r-release-linux-x86_64 | 1.2 | 143.50 | 37.28 | 180.78 | OK | |
| r-release-macos-arm64 | 1.2 | 97.00 | 22.00 | 119.00 | OK | |
| r-release-macos-x86_64 | 1.2 | 206.00 | 40.00 | 246.00 | OK | |
| r-release-windows-x86_64 | 1.2 | 138.00 | 53.00 | 191.00 | OK | |
| r-oldrel-macos-arm64 | 1.2 | 106.00 | 28.00 | 134.00 | NOTE | |
| r-oldrel-macos-x86_64 | 1.2 | 213.00 | 55.00 | 268.00 | NOTE | |
| r-oldrel-windows-x86_64 | 1.2 | 201.00 | 62.00 | 263.00 | NOTE |
Version: 1.2
Check: Rd files
Result: NOTE
checkRd: (-1) acss_data-package.Rd:11-18: Only 2 columns allowed in this table (row 5 has 1)
Flavors: r-devel-linux-x86_64-debian-clang, r-devel-linux-x86_64-debian-gcc, r-devel-linux-x86_64-fedora-gcc
Version: 1.2
Check: installed package size
Result: NOTE
installed size is 15.6Mb
sub-directories of 1Mb or more:
data 15.6Mb
Flavors: r-oldrel-macos-arm64, r-oldrel-macos-x86_64, r-oldrel-windows-x86_64