Last updated on 2025-04-30 01:50:11 CEST.
Flavor | Version | Tinstall | Tcheck | Ttotal | Status | Flags |
---|---|---|---|---|---|---|
r-devel-linux-x86_64-debian-clang | 0.2-5 | 2.15 | 49.22 | 51.37 | NOTE | |
r-devel-linux-x86_64-debian-gcc | 0.2-5 | 1.66 | 36.98 | 38.64 | NOTE | |
r-devel-linux-x86_64-fedora-clang | 0.2-5 | 77.27 | OK | |||
r-devel-linux-x86_64-fedora-gcc | 0.2-5 | 73.68 | OK | |||
r-devel-windows-x86_64 | 0.2-5 | 3.00 | 69.00 | 72.00 | OK | |
r-patched-linux-x86_64 | 0.2-5 | 2.17 | 47.76 | 49.93 | OK | |
r-release-linux-x86_64 | 0.2-5 | 1.87 | 48.09 | 49.96 | OK | |
r-release-macos-arm64 | 0.2-5 | 30.00 | OK | |||
r-release-macos-x86_64 | 0.2-5 | 50.00 | OK | |||
r-release-windows-x86_64 | 0.2-5 | 4.00 | 68.00 | 72.00 | OK | |
r-oldrel-macos-arm64 | 0.2-5 | 28.00 | OK | |||
r-oldrel-macos-x86_64 | 0.2-5 | 45.00 | OK | |||
r-oldrel-windows-x86_64 | 0.2-5 | 4.00 | 83.00 | 87.00 | OK |
Version: 0.2-5
Check: CRAN incoming feasibility
Result: NOTE
Maintainer: ‘Henrik Singmann <singmann+acss@gmail.com>’
Package CITATION file contains call(s) to old-style personList() or
as.personList(). Please use c() on person objects instead.
Package CITATION file contains call(s) to old-style citEntry(). Please
use bibentry() instead.
Flavors: r-devel-linux-x86_64-debian-clang, r-devel-linux-x86_64-debian-gcc
Version: 0.2-5
Check: examples
Result: NOTE
Examples with CPU (user + system) or elapsed time > 5s
user system elapsed
acss 7.598 0.811 10.78
Flavor: r-devel-linux-x86_64-debian-clang
Version: 0.2-5
Check: examples
Result: NOTE
Examples with CPU (user + system) or elapsed time > 5s
user system elapsed
acss 5.873 0.329 7.704
Flavor: r-devel-linux-x86_64-debian-gcc