Last updated on 2024-03-29 01:50:58 CET.
Flavor | Version | Tinstall | Tcheck | Ttotal | Status | Flags |
---|---|---|---|---|---|---|
r-devel-linux-x86_64-debian-clang | 1.3.0 | 23.16 | 193.54 | 216.70 | OK | |
r-devel-linux-x86_64-debian-gcc | 1.3.0 | 17.25 | 137.93 | 155.18 | OK | |
r-devel-linux-x86_64-fedora-clang | 1.3.0 | 253.77 | NOTE | |||
r-devel-linux-x86_64-fedora-gcc | 1.3.0 | 259.99 | NOTE | |||
r-devel-windows-x86_64 | 1.3.0 | 21.00 | 171.00 | 192.00 | OK | |
r-patched-linux-x86_64 | 1.3.0 | 16.99 | 186.85 | 203.84 | OK | |
r-release-linux-x86_64 | 1.3.0 | 13.90 | 183.73 | 197.63 | OK | |
r-release-macos-arm64 | 1.3.0 | 90.00 | OK | |||
r-release-macos-x86_64 | 1.3.0 | 157.00 | OK | |||
r-release-windows-x86_64 | 1.3.0 | 29.00 | 208.00 | 237.00 | OK | |
r-oldrel-macos-arm64 | 1.3.0 | 83.00 | OK | |||
r-oldrel-windows-x86_64 | 1.3.0 | 35.00 | 197.00 | 232.00 | OK |
Version: 1.3.0
Check: dependencies in R code
Result: NOTE
Namespace in Imports field not imported from: ‘svglite’
All declared Imports should be used.
Flavors: r-devel-linux-x86_64-fedora-clang, r-devel-linux-x86_64-fedora-gcc