CRAN Package Check Results for Package actuaryr

Last updated on 2022-01-17 01:48:14 CET.

Flavor Version Tinstall Tcheck Ttotal Status Flags
r-devel-linux-x86_64-debian-clang 1.1.1 3.08 41.37 44.45 NOTE
r-devel-linux-x86_64-debian-gcc 1.1.1 2.53 34.75 37.28 NOTE
r-devel-linux-x86_64-fedora-clang 1.1.1 54.59 NOTE
r-devel-linux-x86_64-fedora-gcc 1.1.1 43.70 NOTE
r-devel-windows-x86_64-new-UL 1.1.1 46.00 72.00 118.00 NOTE
r-devel-windows-x86_64-new-TK 1.1.1 NOTE
r-patched-linux-x86_64 1.1.1 2.25 38.74 40.99 NOTE
r-release-linux-x86_64 1.1.1 NOTE
r-release-macos-arm64 1.1.1 NOTE
r-release-macos-x86_64 1.1.1 NOTE
r-release-windows-ix86+x86_64 1.1.1 7.00 51.00 58.00 NOTE
r-oldrel-macos-x86_64 1.1.1 OK
r-oldrel-windows-ix86+x86_64 1.1.1 6.00 53.00 59.00 OK

Check Details

Version: 1.1.1
Check: LazyData
Result: NOTE
     'LazyData' is specified without a 'data' directory
Flavors: r-devel-linux-x86_64-debian-clang, r-devel-linux-x86_64-debian-gcc, r-devel-linux-x86_64-fedora-clang, r-devel-linux-x86_64-fedora-gcc, r-devel-windows-x86_64-new-UL, r-devel-windows-x86_64-new-TK, r-patched-linux-x86_64, r-release-linux-x86_64, r-release-macos-arm64, r-release-macos-x86_64, r-release-windows-ix86+x86_64