Last updated on 2024-04-23 01:56:52 CEST.
Flavor | Version | Tinstall | Tcheck | Ttotal | Status | Flags |
---|---|---|---|---|---|---|
r-devel-linux-x86_64-debian-clang | 1.2.1 | 12.96 | 125.82 | 138.78 | NOTE | |
r-devel-linux-x86_64-debian-gcc | 1.2.1 | 13.44 | 91.38 | 104.82 | NOTE | |
r-devel-linux-x86_64-fedora-clang | 1.2.1 | 184.10 | NOTE | |||
r-devel-linux-x86_64-fedora-gcc | 1.2.1 | 169.09 | NOTE | |||
r-prerel-macos-arm64 | 1.2.1 | 45.00 | NOTE | |||
r-prerel-windows-x86_64 | 1.2.1 | 16.00 | 111.00 | 127.00 | NOTE | |
r-patched-linux-x86_64 | 1.2.1 | 9.73 | 116.02 | 125.75 | NOTE | |
r-release-linux-x86_64 | 1.2.1 | 10.38 | 118.82 | 129.20 | NOTE | |
r-release-macos-arm64 | 1.2.1 | 47.00 | NOTE | |||
r-release-macos-x86_64 | 1.2.1 | 72.00 | NOTE | |||
r-release-windows-x86_64 | 1.2.1 | 18.00 | 137.00 | 155.00 | NOTE | |
r-oldrel-macos-arm64 | 1.2.1 | 57.00 | NOTE | |||
r-oldrel-windows-x86_64 | 1.2.1 | 18.00 | 134.00 | 152.00 | NOTE |
Version: 1.2.1
Check: LazyData
Result: NOTE
'LazyData' is specified without a 'data' directory
Flavors: r-devel-linux-x86_64-debian-clang, r-devel-linux-x86_64-debian-gcc, r-devel-linux-x86_64-fedora-clang, r-devel-linux-x86_64-fedora-gcc, r-prerel-macos-arm64, r-prerel-windows-x86_64, r-patched-linux-x86_64, r-release-linux-x86_64, r-release-macos-arm64, r-release-macos-x86_64, r-release-windows-x86_64, r-oldrel-macos-arm64, r-oldrel-windows-x86_64