CRAN Package Check Results for Package adegenet

Last updated on 2022-06-28 01:51:26 CEST.

Flavor Version Tinstall Tcheck Ttotal Status Flags
r-devel-linux-x86_64-debian-clang 2.1.7 32.50 251.46 283.96 NOTE
r-devel-linux-x86_64-debian-gcc 2.1.7 29.04 184.96 214.00 NOTE
r-devel-linux-x86_64-fedora-clang 2.1.7 338.35 NOTE
r-devel-linux-x86_64-fedora-gcc 2.1.7 335.02 NOTE
r-devel-windows-x86_64 2.1.7 170.00 395.00 565.00 NOTE
r-patched-linux-x86_64 2.1.7 39.01 232.10 271.11 OK
r-release-linux-x86_64 2.1.7 33.16 228.28 261.44 OK
r-release-macos-arm64 2.1.7 92.00 NOTE
r-release-macos-x86_64 2.1.7 120.00 OK
r-release-windows-x86_64 2.1.7 150.00 281.00 431.00 OK
r-oldrel-macos-arm64 2.1.7 80.00 NOTE
r-oldrel-macos-x86_64 2.1.7 121.00 OK
r-oldrel-windows-ix86+x86_64 2.1.7 67.00 386.00 453.00 OK

Check Details

Version: 2.1.7
Check: Rd files
Result: NOTE
    checkRd: (-1) HWE.Rd:22: Escaped LaTeX specials: \$
    checkRd: (-1) accessors.Rd:79: Escaped LaTeX specials: \$ \$
    checkRd: (-1) dist.genpop.Rd:91: Escaped LaTeX specials: \~
    checkRd: (-1) genind.Rd:20: Escaped LaTeX specials: \$
    checkRd: (-1) genpop.Rd:20: Escaped LaTeX specials: \$
    checkRd: (-1) hybridize.Rd:39: Escaped LaTeX specials: \_
    checkRd: (-1) selpopsize.Rd:20: Escaped LaTeX specials: \$
    checkRd: (-1) seploc.Rd:47: Escaped LaTeX specials: \$
    checkRd: (-1) spca.Rd:113: Escaped LaTeX specials: \$ \$
    checkRd: (-1) truenames.Rd:28: Escaped LaTeX specials: \$ \$
    checkRd: (-1) truenames.Rd:31: Escaped LaTeX specials: \$ \$
    checkRd: (-1) truenames.Rd:32: Escaped LaTeX specials: \$
Flavors: r-devel-linux-x86_64-debian-clang, r-devel-linux-x86_64-debian-gcc, r-devel-linux-x86_64-fedora-clang, r-devel-linux-x86_64-fedora-gcc, r-devel-windows-x86_64

Version: 2.1.7
Check: installed package size
Result: NOTE
     installed size is 5.8Mb
     sub-directories of 1Mb or more:
     R 2.0Mb
     data 1.3Mb
     files 1.7Mb
Flavors: r-release-macos-arm64, r-oldrel-macos-arm64