Last updated on 2024-04-24 01:52:03 CEST.
Flavor | Version | Tinstall | Tcheck | Ttotal | Status | Flags |
---|---|---|---|---|---|---|
r-devel-linux-x86_64-debian-clang | 0.35 | 7.98 | 73.87 | 81.85 | NOTE | |
r-devel-linux-x86_64-debian-gcc | 0.35 | 5.94 | 52.59 | 58.53 | NOTE | |
r-devel-linux-x86_64-fedora-clang | 0.35 | 104.63 | NOTE | |||
r-devel-linux-x86_64-fedora-gcc | 0.35 | 99.43 | NOTE | |||
r-prerel-macos-arm64 | 0.35 | 29.00 | OK | |||
r-prerel-macos-x86_64 | 0.35 | 103.00 | OK | |||
r-prerel-windows-x86_64 | 0.35 | 11.00 | 82.00 | 93.00 | OK | |
r-patched-linux-x86_64 | 0.35 | 10.40 | 68.27 | 78.67 | OK | |
r-release-linux-x86_64 | 0.35 | 7.17 | 68.98 | 76.15 | OK | |
r-release-macos-arm64 | 0.35 | 50.00 | OK | |||
r-release-macos-x86_64 | 0.35 | 107.00 | OK | |||
r-release-windows-x86_64 | 0.35 | 10.00 | 89.00 | 99.00 | OK | |
r-oldrel-macos-arm64 | 0.35 | 42.00 | OK | |||
r-oldrel-windows-x86_64 | 0.35 | 12.00 | 94.00 | 106.00 | OK |
Version: 0.35
Check: compiled code
Result: NOTE
File ‘admisc/libs/admisc.so’:
Found non-API call to R: ‘SET_ENVFLAGS’
Compiled code should not call non-API entry points in R.
See ‘Writing portable packages’ in the ‘Writing R Extensions’ manual.
Flavors: r-devel-linux-x86_64-debian-clang, r-devel-linux-x86_64-debian-gcc, r-devel-linux-x86_64-fedora-clang, r-devel-linux-x86_64-fedora-gcc