CRAN Package Check Results for Package ads

Last updated on 2025-10-09 02:51:35 CEST.

Flavor Version Tinstall Tcheck Ttotal Status Flags
r-devel-linux-x86_64-debian-clang 1.5-10 20.18 102.84 123.02 NOTE
r-devel-linux-x86_64-debian-gcc 1.5-10 16.30 72.96 89.26 NOTE
r-devel-linux-x86_64-fedora-clang 1.5-10 187.00 OK
r-devel-linux-x86_64-fedora-gcc 1.5-10 184.90 OK
r-devel-windows-x86_64 1.5-10 27.00 110.00 137.00 NOTE
r-patched-linux-x86_64 1.5-10 22.35 97.02 119.37 NOTE
r-release-linux-x86_64 1.5-10 21.15 99.17 120.32 NOTE
r-release-macos-arm64 1.5-10 58.00 OK
r-release-macos-x86_64 1.5-10 125.00 OK
r-release-windows-x86_64 1.5-10 28.00 111.00 139.00 NOTE
r-oldrel-macos-arm64 1.5-10 53.00 OK
r-oldrel-macos-x86_64 1.5-10 94.00 OK
r-oldrel-windows-x86_64 1.5-10 37.00 139.00 176.00 OK

Check Details

Version: 1.5-10
Check: Rd cross-references
Result: NOTE Found the following Rd file(s) with Rd \link{} targets missing package anchors: kdfun.Rd: divc krfun.Rd: divc Please provide package anchors for all Rd \link{} targets not in the package itself and the base packages. Flavors: r-devel-linux-x86_64-debian-clang, r-devel-linux-x86_64-debian-gcc, r-devel-windows-x86_64, r-patched-linux-x86_64, r-release-linux-x86_64, r-release-windows-x86_64