CRAN Package Check Results for Package affinity

Last updated on 2025-04-30 01:50:11 CEST.

Flavor Version Tinstall Tcheck Ttotal Status Flags
r-devel-linux-x86_64-debian-clang 0.2.5 2.04 43.01 45.05 NOTE
r-devel-linux-x86_64-debian-gcc 0.2.5 1.83 30.67 32.50 NOTE
r-devel-linux-x86_64-fedora-clang 0.2.5 68.44 OK
r-devel-linux-x86_64-fedora-gcc 0.2.5 78.78 OK
r-devel-windows-x86_64 0.2.5 4.00 64.00 68.00 OK
r-patched-linux-x86_64 0.2.5 2.33 39.81 42.14 OK
r-release-linux-x86_64 0.2.5 2.13 39.82 41.95 OK
r-release-macos-arm64 0.2.5 41.00 OK
r-release-macos-x86_64 0.2.5 69.00 OK
r-release-windows-x86_64 0.2.5 3.00 66.00 69.00 OK
r-oldrel-macos-arm64 0.2.5 31.00 OK
r-oldrel-macos-x86_64 0.2.5 49.00 OK
r-oldrel-windows-x86_64 0.2.5 5.00 74.00 79.00 OK

Check Details

Version: 0.2.5
Check: examples
Result: NOTE Examples with CPU (user + system) or elapsed time > 5s user system elapsed domath 9.148 0.101 12.67 Flavor: r-devel-linux-x86_64-debian-clang

Version: 0.2.5
Check: examples
Result: NOTE Examples with CPU (user + system) or elapsed time > 5s user system elapsed domath 5.473 0.181 6.942 Flavor: r-devel-linux-x86_64-debian-gcc