Last updated on 2024-08-16 01:48:12 CEST.
Flavor | Version | Tinstall | Tcheck | Ttotal | Status | Flags |
---|---|---|---|---|---|---|
r-devel-linux-x86_64-debian-clang | 1.2.0 | 70.85 | 87.79 | 158.64 | OK | |
r-devel-linux-x86_64-debian-gcc | 1.2.0 | 50.01 | 61.54 | 111.55 | OK | |
r-devel-linux-x86_64-fedora-clang | 1.2.0 | 283.77 | OK | |||
r-devel-linux-x86_64-fedora-gcc | 1.2.0 | 277.85 | OK | |||
r-devel-windows-x86_64 | 1.2.0 | 78.00 | 109.00 | 187.00 | OK | |
r-patched-linux-x86_64 | 1.2.0 | 71.53 | 80.93 | 152.46 | OK | |
r-release-linux-x86_64 | 1.2.0 | 66.09 | 81.25 | 147.34 | OK | |
r-release-macos-arm64 | 1.2.0 | 66.00 | NOTE | |||
r-release-macos-x86_64 | 1.2.0 | 89.00 | NOTE | |||
r-release-windows-x86_64 | 1.2.0 | 79.00 | 106.00 | 185.00 | OK | |
r-oldrel-macos-arm64 | 1.2.0 | 68.00 | NOTE | |||
r-oldrel-macos-x86_64 | 1.2.0 | 115.00 | NOTE | |||
r-oldrel-windows-x86_64 | 1.2.0 | 94.00 | 135.00 | 229.00 | OK |
Version: 1.2.0
Check: installed package size
Result: NOTE
installed size is 5.7Mb
sub-directories of 1Mb or more:
libs 5.3Mb
Flavors: r-release-macos-arm64, r-release-macos-x86_64, r-oldrel-macos-arm64, r-oldrel-macos-x86_64