Last updated on 2025-11-12 02:52:50 CET.
| Flavor | Version | Tinstall | Tcheck | Ttotal | Status | Flags |
|---|---|---|---|---|---|---|
| r-devel-linux-x86_64-debian-clang | 1.2.1 | 77.88 | 94.41 | 172.29 | OK | |
| r-devel-linux-x86_64-debian-gcc | 1.2.1 | 46.65 | 64.24 | 110.89 | OK | |
| r-devel-linux-x86_64-fedora-clang | 1.2.1 | 134.00 | 154.31 | 288.31 | OK | |
| r-devel-linux-x86_64-fedora-gcc | 1.2.1 | 118.00 | 147.58 | 265.58 | OK | |
| r-devel-windows-x86_64 | 1.2.1 | 81.00 | 110.00 | 191.00 | OK | |
| r-patched-linux-x86_64 | 1.2.1 | 68.84 | 85.43 | 154.27 | OK | |
| r-release-linux-x86_64 | 1.2.1 | 67.32 | 86.38 | 153.70 | OK | |
| r-release-macos-arm64 | 1.2.1 | 27.00 | 39.00 | 66.00 | OK | |
| r-release-macos-x86_64 | 1.2.1 | 35.00 | 73.00 | 108.00 | OK | |
| r-release-windows-x86_64 | 1.2.1 | 80.00 | 109.00 | 189.00 | OK | |
| r-oldrel-macos-arm64 | 1.2.1 | 26.00 | 36.00 | 62.00 | NOTE | |
| r-oldrel-macos-x86_64 | 1.2.1 | 32.00 | 69.00 | 101.00 | NOTE | |
| r-oldrel-windows-x86_64 | 1.2.1 | 104.00 | 138.00 | 242.00 | OK |
Version: 1.2.1
Check: installed package size
Result: NOTE
installed size is 5.8Mb
sub-directories of 1Mb or more:
libs 5.3Mb
Flavors: r-oldrel-macos-arm64, r-oldrel-macos-x86_64