Last updated on 2025-05-19 01:49:46 CEST.
Flavor | Version | Tinstall | Tcheck | Ttotal | Status | Flags |
---|---|---|---|---|---|---|
r-devel-linux-x86_64-debian-clang | 1.2.1 | 80.54 | 94.11 | 174.65 | OK | |
r-devel-linux-x86_64-debian-gcc | 1.2.1 | 55.84 | 62.57 | 118.41 | OK | |
r-devel-linux-x86_64-fedora-clang | 1.2.1 | 290.70 | OK | |||
r-devel-linux-x86_64-fedora-gcc | 1.2.1 | 284.74 | OK | |||
r-devel-windows-x86_64 | 1.2.1 | 80.00 | 118.00 | 198.00 | OK | |
r-patched-linux-x86_64 | 1.2.1 | 68.69 | 85.07 | 153.76 | OK | |
r-release-linux-x86_64 | 1.2.1 | 67.91 | 84.29 | 152.20 | OK | |
r-release-macos-arm64 | 1.2.1 | 66.00 | OK | |||
r-release-macos-x86_64 | 1.2.1 | 108.00 | OK | |||
r-release-windows-x86_64 | 1.2.1 | 80.00 | 116.00 | 196.00 | OK | |
r-oldrel-macos-arm64 | 1.2.1 | 62.00 | NOTE | |||
r-oldrel-macos-x86_64 | 1.2.1 | 101.00 | NOTE | |||
r-oldrel-windows-x86_64 | 1.2.1 | 100.00 | 139.00 | 239.00 | OK |
Version: 1.2.1
Check: installed package size
Result: NOTE
installed size is 5.8Mb
sub-directories of 1Mb or more:
libs 5.3Mb
Flavors: r-oldrel-macos-arm64, r-oldrel-macos-x86_64