Last updated on 2024-08-16 01:48:12 CEST.
Flavor | Version | Tinstall | Tcheck | Ttotal | Status | Flags |
---|---|---|---|---|---|---|
r-devel-linux-x86_64-debian-clang | 0.5-3 | 10.29 | 79.33 | 89.62 | OK | |
r-devel-linux-x86_64-debian-gcc | 0.5-3 | 8.66 | 57.49 | 66.15 | OK | |
r-devel-linux-x86_64-fedora-clang | 0.5-3 | 139.23 | NOTE | |||
r-devel-linux-x86_64-fedora-gcc | 0.5-3 | 132.44 | OK | |||
r-devel-windows-x86_64 | 0.5-3 | 11.00 | 87.00 | 98.00 | OK | |
r-patched-linux-x86_64 | 0.5-3 | 10.13 | 73.60 | 83.73 | OK | |
r-release-linux-x86_64 | 0.5-3 | 10.76 | 74.47 | 85.23 | OK | |
r-release-macos-arm64 | 0.5-3 | 39.00 | OK | |||
r-release-macos-x86_64 | 0.5-3 | 76.00 | OK | |||
r-release-windows-x86_64 | 0.5-3 | 12.00 | 87.00 | 99.00 | OK | |
r-oldrel-macos-arm64 | 0.5-3 | 45.00 | OK | |||
r-oldrel-macos-x86_64 | 0.5-3 | 75.00 | NOTE | |||
r-oldrel-windows-x86_64 | 0.5-3 | 15.00 | 106.00 | 121.00 | OK |
Version: 0.5-3
Check: Rd cross-references
Result: NOTE
Undeclared packages ‘epiR’, ‘cccrm’ in Rd xrefs
Flavor: r-devel-linux-x86_64-fedora-clang
Version: 0.5-3
Check: Rd cross-references
Result: NOTE
Package unavailable to check Rd xrefs: ‘epiR’
Flavor: r-oldrel-macos-x86_64