Last updated on 2025-10-26 01:49:43 CEST.
| Flavor | Version | Tinstall | Tcheck | Ttotal | Status | Flags |
|---|---|---|---|---|---|---|
| r-devel-linux-x86_64-debian-clang | 0.1.0 | 6.85 | 65.10 | 71.95 | NOTE | |
| r-devel-linux-x86_64-debian-gcc | 0.1.0 | 4.92 | 45.50 | 50.42 | NOTE | |
| r-devel-linux-x86_64-fedora-clang | 0.1.0 | 16.00 | 94.39 | 110.39 | OK | |
| r-devel-linux-x86_64-fedora-gcc | 0.1.0 | 14.00 | 89.29 | 103.29 | OK | |
| r-devel-windows-x86_64 | 0.1.0 | 10.00 | 81.00 | 91.00 | OK | |
| r-patched-linux-x86_64 | 0.1.0 | 6.83 | 60.17 | 67.00 | OK | |
| r-release-linux-x86_64 | 0.1.0 | 7.08 | 59.82 | 66.90 | OK | |
| r-release-macos-arm64 | 0.1.0 | 3.00 | 28.00 | 31.00 | OK | |
| r-release-macos-x86_64 | 0.1.0 | 5.00 | 41.00 | 46.00 | OK | |
| r-release-windows-x86_64 | 0.1.0 | 8.00 | 74.00 | 82.00 | OK | |
| r-oldrel-macos-arm64 | 0.1.0 | 3.00 | 29.00 | 32.00 | OK | |
| r-oldrel-macos-x86_64 | 0.1.0 | 4.00 | 35.00 | 39.00 | OK | |
| r-oldrel-windows-x86_64 | 0.1.0 | 11.00 | 93.00 | 104.00 | OK |
Version: 0.1.0
Check: CRAN incoming feasibility
Result: NOTE
Maintainer: ‘Anna Cheshkova <cheshanf@gmail.com>’
No Authors@R field in DESCRIPTION.
Please add one, modifying
Authors@R: person(given = "Anna",
family = "Cheshkova",
role = c("aut", "cre"),
email = "cheshanf@gmail.com")
as necessary.
Flavors: r-devel-linux-x86_64-debian-clang, r-devel-linux-x86_64-debian-gcc