Last updated on 2024-03-28 01:53:50 CET.
Flavor | Version | Tinstall | Tcheck | Ttotal | Status | Flags |
---|---|---|---|---|---|---|
r-devel-linux-x86_64-debian-clang | 0.3.1 | 5.01 | 152.98 | 157.99 | NOTE | |
r-devel-linux-x86_64-debian-gcc | 0.3.1 | 4.43 | 103.43 | 107.86 | NOTE | |
r-devel-linux-x86_64-fedora-clang | 0.3.1 | 184.47 | NOTE | |||
r-devel-linux-x86_64-fedora-gcc | 0.3.1 | 197.65 | NOTE | |||
r-devel-windows-x86_64 | 0.3.1 | 6.00 | 116.00 | 122.00 | NOTE | |
r-patched-linux-x86_64 | 0.3.1 | 5.73 | 140.31 | 146.04 | NOTE | |
r-release-linux-x86_64 | 0.3.1 | 4.90 | 139.81 | 144.71 | NOTE | |
r-release-macos-arm64 | 0.3.1 | 55.00 | NOTE | |||
r-release-macos-x86_64 | 0.3.1 | 98.00 | NOTE | |||
r-release-windows-x86_64 | 0.3.1 | 8.00 | 134.00 | 142.00 | NOTE | |
r-oldrel-macos-arm64 | 0.3.1 | 47.00 | NOTE | |||
r-oldrel-windows-x86_64 | 0.3.1 | 8.00 | 137.00 | 145.00 | NOTE |
Version: 0.3.1
Check: LazyData
Result: NOTE
'LazyData' is specified without a 'data' directory
Flavors: r-devel-linux-x86_64-debian-clang, r-devel-linux-x86_64-debian-gcc, r-devel-linux-x86_64-fedora-clang, r-devel-linux-x86_64-fedora-gcc, r-devel-windows-x86_64, r-patched-linux-x86_64, r-release-linux-x86_64, r-release-macos-arm64, r-release-macos-x86_64, r-release-windows-x86_64, r-oldrel-macos-arm64, r-oldrel-windows-x86_64