Last updated on 2022-07-04 02:53:24 CEST.
Flavor | Version | Tinstall | Tcheck | Ttotal | Status | Flags |
---|---|---|---|---|---|---|
r-devel-linux-x86_64-debian-clang | 0.4.1 | 6.68 | 117.86 | 124.54 | OK | |
r-devel-linux-x86_64-debian-gcc | 0.4.1 | 5.03 | 83.12 | 88.15 | OK | |
r-devel-linux-x86_64-fedora-clang | 0.4.1 | 150.15 | NOTE | |||
r-devel-linux-x86_64-fedora-gcc | 0.4.1 | 148.88 | NOTE | |||
r-devel-windows-x86_64 | 0.4.1 | 19.00 | 138.00 | 157.00 | OK | |
r-patched-linux-x86_64 | 0.4.1 | 6.21 | 107.07 | 113.28 | OK | |
r-release-linux-x86_64 | 0.4.1 | 5.79 | 106.41 | 112.20 | OK | |
r-release-macos-arm64 | 0.4.1 | 41.00 | NOTE | |||
r-release-macos-x86_64 | 0.4.1 | 70.00 | NOTE | |||
r-release-windows-x86_64 | 0.4.1 | 17.00 | 138.00 | 155.00 | OK | |
r-oldrel-macos-arm64 | 0.4.1 | 56.00 | NOTE | |||
r-oldrel-macos-x86_64 | 0.4.1 | 72.00 | NOTE | |||
r-oldrel-windows-ix86+x86_64 | 0.4.1 | 16.00 | 88.00 | 104.00 | OK |
Version: 0.4.1
Check: dependencies in R code
Result: NOTE
Namespaces in Imports field not imported from:
‘knitr’ ‘randomNames’ ‘tidyr’
All declared Imports should be used.
Flavors: r-devel-linux-x86_64-fedora-clang, r-devel-linux-x86_64-fedora-gcc, r-release-macos-arm64, r-release-macos-x86_64, r-oldrel-macos-arm64, r-oldrel-macos-x86_64