Last updated on 2024-04-24 01:52:03 CEST.
Flavor | Version | Tinstall | Tcheck | Ttotal | Status | Flags |
---|---|---|---|---|---|---|
r-devel-linux-x86_64-debian-clang | 0.4.1 | 5.40 | 65.69 | 71.09 | OK | |
r-devel-linux-x86_64-debian-gcc | 0.4.1 | 4.56 | 46.84 | 51.40 | OK | |
r-devel-linux-x86_64-fedora-clang | 0.4.1 | 89.20 | NOTE | |||
r-devel-linux-x86_64-fedora-gcc | 0.4.1 | 164.38 | NOTE | |||
r-prerel-macos-arm64 | 0.4.1 | 45.00 | OK | |||
r-prerel-windows-x86_64 | 0.4.1 | 8.00 | 66.00 | 74.00 | OK | |
r-patched-linux-x86_64 | 0.4.1 | 6.91 | 60.00 | 66.91 | OK | |
r-release-linux-x86_64 | 0.4.1 | 5.74 | 59.41 | 65.15 | OK | |
r-release-macos-arm64 | 0.4.1 | 48.00 | OK | |||
r-release-macos-x86_64 | 0.4.1 | 87.00 | OK | |||
r-release-windows-x86_64 | 0.4.1 | 8.00 | 75.00 | 83.00 | OK | |
r-oldrel-macos-arm64 | 0.4.1 | 41.00 | NOTE | |||
r-oldrel-windows-x86_64 | 0.4.1 | 8.00 | 76.00 | 84.00 | OK |
Version: 0.4.1
Check: dependencies in R code
Result: NOTE
Namespaces in Imports field not imported from:
‘knitr’ ‘randomNames’ ‘tidyr’
All declared Imports should be used.
Flavors: r-devel-linux-x86_64-fedora-clang, r-devel-linux-x86_64-fedora-gcc, r-oldrel-macos-arm64